{"id":9976,"date":"2019-04-11T08:45:02","date_gmt":"2019-04-11T06:45:02","guid":{"rendered":"https:\/\/baselle.com\/?post_type=product&#038;p=9976"},"modified":"2020-01-16T12:07:14","modified_gmt":"2020-01-16T11:07:14","slug":"louis-vuitton-agenda-pm-koala-monogram-denim-1","status":"publish","type":"product","link":"https:\/\/baselle.com\/en\/product\/louis-vuitton-agenda-pm-koala-monogram-denim-1\/","title":{"rendered":"Louis Vuitton Agenda PM"},"content":{"rendered":"<p>\n<strong>Louis Vuitton Agenda PM Koala Monogram Denim Beschreibung<\/strong> <\/p>\n<p>Die originale Agenda aus der Koala-Serie ist nicht nur robust, praktisch und handlich, sondern zudem ein sch\u00f6ner Hingucker und passt hervorragend in jede Handtasche. Drei Kartensteckf\u00e4cher sind im Inneren der Agenda vorhanden sowie zwei weitere Einsteckf\u00e4cher und ein Stifthalter.\n<\/p>\n<p>\n<strong>Very good condition:<\/strong><br \/>\nDiese Louis Vuitton Agenda PM Koala Monogram Denim aus zweiter Hand ist insgesamt in einem sehr guten Zustand. Sie wurde selten verwendet. Im Lederinnenfutter befinden sich minimale Markierungen durch einen Kugelschreiber. Der Oberstoff ist in einem sch\u00f6nen gepflegten Zustand ohne Besch\u00e4digungen &#8211; auch nicht an den Ecken. Die goldfarbene Hardware ist ebenfalls in einem einwandfreien Zustand.\n<\/p>\n<p>\n<strong>Agendagr\u00f6\u00dfe:<\/strong>  PM<br \/>\n<strong>Dimensions (approx.):<\/strong> Breite 10 cm * H\u00f6he 14 cm * Tiefe 1 cm\n<\/p>\n<p>\n<strong>Exterior material:<\/strong> Denim<br \/>\n<strong>Interior Material<\/strong> leather\n<\/p>\n<p>Die Bilder stellen die angebotene Agenda dar und sind Eigentum von MyLovelyBoutique.com. <\/p>\n<p>Follow us on <a href=\"https:\/\/www.instagram.com\/mylovelyboutique.de\/\" rel=\"noopener noreferrer\" target=\"_blank\"><span style=\"color: #e0adea\">Instagram<\/span><\/a> und lass Dich von unseren Outfit-Ideen inspirieren. <\/p>","protected":false},"excerpt":{"rendered":"<table class=\"mlb-product-details\">\n<tbody>\n<tr>\n<td class=\"mlb-details-caption\">Model<\/td>\n<td class=\"mlb-details-value\">Agenda PM Koala Monogram Denim (R21038)<\/td>\n<\/tr>\n<tr>\n<td class=\"mlb-details-caption\">Colour<\/td>\n<td class=\"mlb-details-value\">Black Denim, Safran<\/td>\n<\/tr>\n<tr>\n<td class=\"mlb-details-caption\">Hardware<\/td>\n<td class=\"mlb-details-value\">Gold<\/td>\n<\/tr>\n<tr>\n<td class=\"mlb-details-caption\">Year<\/td>\n<td class=\"mlb-details-value\">2007<\/td>\n<\/tr>\n<tr>\n<td class=\"mlb-details-caption\">Accessoires<\/td>\n<td class=\"mlb-details-value\">Staubbeutel, LV-Agendaeinlage<\/td>\n<\/tr>\n<tr>\n<td class=\"mlb-details-caption\">Condition<\/td>\n<td class=\"mlb-details-value\">Very good condition<\/td>\n<\/tr>\n<\/tbody>\n<\/table>","protected":false},"featured_media":10010,"template":"","meta":[],"product_brand":[],"product_cat":[57,154,90,1431],"product_tag":[],"class_list":{"0":"post-9976","1":"product","2":"type-product","3":"status-publish","4":"has-post-thumbnail","6":"product_cat-accessories","7":"product_cat-designer","8":"product_cat-kleinlederwaren","9":"product_cat-louisvuitton","10":"product_shipping_class-0-500","12":"first","13":"outofstock","14":"sold-individually","15":"shipping-taxable","16":"purchasable","17":"product-type-simple"},"_links":{"self":[{"href":"https:\/\/baselle.com\/en\/wp-json\/wp\/v2\/product\/9976","targetHints":{"allow":["GET"]}}],"collection":[{"href":"https:\/\/baselle.com\/en\/wp-json\/wp\/v2\/product"}],"about":[{"href":"https:\/\/baselle.com\/en\/wp-json\/wp\/v2\/types\/product"}],"wp:featuredmedia":[{"embeddable":true,"href":"https:\/\/baselle.com\/en\/wp-json\/wp\/v2\/media\/10010"}],"wp:attachment":[{"href":"https:\/\/baselle.com\/en\/wp-json\/wp\/v2\/media?parent=9976"}],"wp:term":[{"taxonomy":"product_brand","embeddable":true,"href":"https:\/\/baselle.com\/en\/wp-json\/wp\/v2\/product_brand?post=9976"},{"taxonomy":"product_cat","embeddable":true,"href":"https:\/\/baselle.com\/en\/wp-json\/wp\/v2\/product_cat?post=9976"},{"taxonomy":"product_tag","embeddable":true,"href":"https:\/\/baselle.com\/en\/wp-json\/wp\/v2\/product_tag?post=9976"}],"curies":[{"name":"wp","href":"https:\/\/api.w.org\/{rel}","templated":true}]}}

<p>
<strong>Louis Vuitton Agenda PM Koala Monogram Denim Beschreibung</strong> </p>
<p>Die originale Agenda aus der Koala-Serie ist nicht nur robust, praktisch und handlich, sondern zudem ein schöner Hingucker und passt hervorragend in jede Handtasche. Drei Kartensteckfächer sind im Inneren der Agenda vorhanden sowie zwei weitere Einsteckfächer und ein Stifthalter.
</p>
<p>
<strong>Very good condition:</strong><br />
Diese Louis Vuitton Agenda PM Koala Monogram Denim aus zweiter Hand ist insgesamt in einem sehr guten Zustand. Sie wurde selten verwendet. Im Lederinnenfutter befinden sich minimale Markierungen durch einen Kugelschreiber. Der Oberstoff ist in einem schönen gepflegten Zustand ohne Beschädigungen &#8211; auch nicht an den Ecken. Die goldfarbene Hardware ist ebenfalls in einem einwandfreien Zustand.
</p>
<p>
<strong>Agendagröße:</strong>  PM<br />
<strong>Dimensions (approx.):</strong> Breite 10 cm * Höhe 14 cm * Tiefe 1 cm
</p>
<p>
<strong>Exterior material:</strong> Denim<br />
<strong>Interior Material</strong> leather
</p>
<p>Die Bilder stellen die angebotene Agenda dar und sind Eigentum von MyLovelyBoutique.com. </p>
<p>Follow us on <a href="https://www.instagram.com/mylovelyboutique.de/" rel="noopener noreferrer" target="_blank"><span style="color: #e0adea">Instagram</span></a> und lass Dich von unseren Outfit-Ideen inspirieren. </p>
