{"id":9531,"date":"2018-12-31T14:39:27","date_gmt":"2018-12-31T13:39:27","guid":{"rendered":"https:\/\/baselle.com\/?post_type=product&#038;p=9531"},"modified":"2019-02-22T15:29:49","modified_gmt":"2019-02-22T14:29:49","slug":"chanel-timeless-medium-double-flap-bag-quilted-lambskin-handtasche-original-second-hand","status":"publish","type":"product","link":"https:\/\/baselle.com\/en\/product\/chanel-timeless-medium-double-flap-bag-quilted-lambskin-handtasche-original-second-hand\/","title":{"rendered":"CHANEL Timeless Medium"},"content":{"rendered":"<p>\n<strong>CHANEL Timeless Medium Double Flap Bag Handtasche Beschreibung<\/strong><\/p>\n<p>Die originale CHANEL Timeless Medium Double Flap Bag Handtasche ist eine schicke und klassische Tasche im typisch zeitlosen Stil von Chanel. In ihrer mittleren Gr\u00f6\u00dfe eignet sie sich perfekt als Begleiter f\u00fcr untertags wie auch als Abendtasche &#8211; sie ist schlicht und dennoch ein absoluter Eyecatcher. Die Timeless ist aus gestepptem Lammleder gefertigt und verf\u00fcgt \u00fcber gewebte Kettenriemen, einem CC-Turnlock und goldene Hardware-Akzente.<\/p>\n<p>Der CC-Turnlock-Verschluss und die Klappe mit Druckknopfverschluss \u00f6ffnen sich zu einem Lederfutter in Bordeaux, aufgeteilt in ein Hauptfach, zwei Steckf\u00e4cher und ein vorne aufgesetztes Steckfach. Des weiteren befindet sich unter der Lasche ein kleines Rei\u00dfverschlussfach und am Taschenr\u00fccken ein aufgesetztes Steckfach. Die Double Flap Bag kann kurz oder lang \u00fcber der Schulter getragen werden, so dass maximaler Tragekomfort garantiert ist. Eine komfortable und elegante Handtasche, die zu Chanels Klassikern im zeitlosen Stil z\u00e4hlt.\n<\/p>\n<p>\n<strong>Very good condition:<\/strong><br \/>\nDiese CHANEL Timeless Medium Double Flap Bag Handtasche aus zweiter Hand ist insgesamt in einem sehr guten Zustand. Die Tasche wurde mit Sorgfalt getragen, weshalb das Lammleder in einem gepflegten Zustand ist. Gebrauchspuren sind durch vereinzelte kleine Druckstellen erkennbar, wie z.B. unter der Lasche, die durch falsche Aufbewahrung des Kettenriemens verursacht wurden. Die Ecken sind in einem gepflegten Zustand ohne Abrieb. Das Tascheninnere ist sauber, ohne Ger\u00fcche und weist keine L\u00f6cher\/Risse auf. Die goldenen Hardware-Akzente sind in einem sch\u00f6nen gl\u00e4nzenden Zustand.\n<\/p>\n<p>\n<strong>Style:<\/strong> Shoulder Bag<br \/>\n<strong>Size:<\/strong> Medium<br \/>\n<strong>Dimensions (approx.):<\/strong> Breite 25,5 cm * H\u00f6he 15 cm * Tiefe 7 cm<br \/>\n<strong>Shoulder chain:<\/strong> einfach = 85 cm, doppelt = 53 cm\n<\/p>\n<p>\n<strong>Exterior material:<\/strong> Lambskin leather<br \/>\n<strong>Interior Material<\/strong> leather\n<\/p>\n<p>The pictures represent the offered bag. The picture rights are held by MyLovelyBoutique.com. <\/p>\n<p>Follow us on <a href=\"https:\/\/www.instagram.com\/mylovelyboutique.de\/\" rel=\"noopener\" target=\"_blank\"><span style=\"color: #e0adea\">Instagram<\/span><\/a> und lass Dich von unseren Outfit-Ideen inspirieren. <\/p>","protected":false},"excerpt":{"rendered":"<br \/>\n<table class=\"mlb-product-details\">\n<tbody>\n<tr>\n<td class=\"mlb-details-caption\">Model<\/td>\n<td class=\"mlb-details-value\">Timeless Medium Double Flap Bag Quilted Lambskin<\/td>\n<\/tr>\n<tr>\n<td class=\"mlb-details-caption\">Colour<\/td>\n<td class=\"mlb-details-value\">Black<\/td>\n<\/tr>\n<tr>\n<td class=\"mlb-details-caption\">Hardware<\/td>\n<td class=\"mlb-details-value\">Gold<\/td>\n<\/tr>\n<tr>\n<td class=\"mlb-details-caption\">Year<\/td>\n<td class=\"mlb-details-value\">2004<\/td>\n<\/tr>\n<tr>\n<td class=\"mlb-details-caption\">Accessoires<\/td>\n<td class=\"mlb-details-value\">Box, Staubbeutel, Authentizit\u00e4tskarte, Seriennummer mit Hologramm, CC-Booklet<\/td>\n<\/tr>\n<tr>\n<td class=\"mlb-details-caption\">Condition<\/td>\n<td class=\"mlb-details-value\">Very good condition<\/td>\n<\/tr>\n<\/tbody>\n<\/table>","protected":false},"featured_media":9534,"template":"","meta":[],"product_brand":[],"product_cat":[1430,154,85,99],"product_tag":[],"class_list":{"0":"post-9531","1":"product","2":"type-product","3":"status-publish","4":"has-post-thumbnail","6":"product_cat-chanel","7":"product_cat-designer","8":"product_cat-schultertaschen","9":"product_cat-taschen","11":"first","12":"outofstock","13":"sold-individually","14":"shipping-taxable","15":"purchasable","16":"product-type-simple"},"_links":{"self":[{"href":"https:\/\/baselle.com\/en\/wp-json\/wp\/v2\/product\/9531","targetHints":{"allow":["GET"]}}],"collection":[{"href":"https:\/\/baselle.com\/en\/wp-json\/wp\/v2\/product"}],"about":[{"href":"https:\/\/baselle.com\/en\/wp-json\/wp\/v2\/types\/product"}],"wp:featuredmedia":[{"embeddable":true,"href":"https:\/\/baselle.com\/en\/wp-json\/wp\/v2\/media\/9534"}],"wp:attachment":[{"href":"https:\/\/baselle.com\/en\/wp-json\/wp\/v2\/media?parent=9531"}],"wp:term":[{"taxonomy":"product_brand","embeddable":true,"href":"https:\/\/baselle.com\/en\/wp-json\/wp\/v2\/product_brand?post=9531"},{"taxonomy":"product_cat","embeddable":true,"href":"https:\/\/baselle.com\/en\/wp-json\/wp\/v2\/product_cat?post=9531"},{"taxonomy":"product_tag","embeddable":true,"href":"https:\/\/baselle.com\/en\/wp-json\/wp\/v2\/product_tag?post=9531"}],"curies":[{"name":"wp","href":"https:\/\/api.w.org\/{rel}","templated":true}]}}

<p>
<strong>CHANEL Timeless Medium Double Flap Bag Handtasche Beschreibung</strong></p>
<p>Die originale CHANEL Timeless Medium Double Flap Bag Handtasche ist eine schicke und klassische Tasche im typisch zeitlosen Stil von Chanel. In ihrer mittleren Größe eignet sie sich perfekt als Begleiter für untertags wie auch als Abendtasche &#8211; sie ist schlicht und dennoch ein absoluter Eyecatcher. Die Timeless ist aus gestepptem Lammleder gefertigt und verfügt über gewebte Kettenriemen, einem CC-Turnlock und goldene Hardware-Akzente.</p>
<p>Der CC-Turnlock-Verschluss und die Klappe mit Druckknopfverschluss öffnen sich zu einem Lederfutter in Bordeaux, aufgeteilt in ein Hauptfach, zwei Steckfächer und ein vorne aufgesetztes Steckfach. Des weiteren befindet sich unter der Lasche ein kleines Reißverschlussfach und am Taschenrücken ein aufgesetztes Steckfach. Die Double Flap Bag kann kurz oder lang über der Schulter getragen werden, so dass maximaler Tragekomfort garantiert ist. Eine komfortable und elegante Handtasche, die zu Chanels Klassikern im zeitlosen Stil zählt.
</p>
<p>
<strong>Very good condition:</strong><br />
Diese CHANEL Timeless Medium Double Flap Bag Handtasche aus zweiter Hand ist insgesamt in einem sehr guten Zustand. Die Tasche wurde mit Sorgfalt getragen, weshalb das Lammleder in einem gepflegten Zustand ist. Gebrauchspuren sind durch vereinzelte kleine Druckstellen erkennbar, wie z.B. unter der Lasche, die durch falsche Aufbewahrung des Kettenriemens verursacht wurden. Die Ecken sind in einem gepflegten Zustand ohne Abrieb. Das Tascheninnere ist sauber, ohne Gerüche und weist keine Löcher/Risse auf. Die goldenen Hardware-Akzente sind in einem schönen glänzenden Zustand.
</p>
<p>
<strong>Style:</strong> Shoulder Bag<br />
<strong>Size:</strong> Medium<br />
<strong>Dimensions (approx.):</strong> Breite 25,5 cm * Höhe 15 cm * Tiefe 7 cm<br />
<strong>Shoulder chain:</strong> einfach = 85 cm, doppelt = 53 cm
</p>
<p>
<strong>Exterior material:</strong> Lambskin leather<br />
<strong>Interior Material</strong> leather
</p>
<p>The pictures represent the offered bag. The picture rights are held by MyLovelyBoutique.com. </p>
<p>Follow us on <a href="https://www.instagram.com/mylovelyboutique.de/" rel="noopener" target="_blank"><span style="color: #e0adea">Instagram</span></a> und lass Dich von unseren Outfit-Ideen inspirieren. </p>

<br />
<table class="mlb-product-details">
<tbody>
<tr>
<td class="mlb-details-caption">Model</td>
<td class="mlb-details-value">Timeless Medium Double Flap Bag Quilted Lambskin</td>
</tr>
<tr>
<td class="mlb-details-caption">Colour</td>
<td class="mlb-details-value">Black</td>
</tr>
<tr>
<td class="mlb-details-caption">Hardware</td>
<td class="mlb-details-value">Gold</td>
</tr>
<tr>
<td class="mlb-details-caption">Year</td>
<td class="mlb-details-value">2004</td>
</tr>
<tr>
<td class="mlb-details-caption">Accessoires</td>
<td class="mlb-details-value">Box, Staubbeutel, Authentizitätskarte, Seriennummer mit Hologramm, CC-Booklet</td>
</tr>
<tr>
<td class="mlb-details-caption">Condition</td>
<td class="mlb-details-value">Very good condition</td>
</tr>
</tbody>
</table>
