{"id":9253,"date":"2018-11-30T16:40:39","date_gmt":"2018-11-30T15:40:39","guid":{"rendered":"https:\/\/baselle.com\/?post_type=product&#038;p=9253"},"modified":"2020-02-27T12:03:03","modified_gmt":"2020-02-27T11:03:03","slug":"louis-vuitton-kalahari-pm-monogram-epices-handtasche-2","status":"publish","type":"product","link":"https:\/\/baselle.com\/en\/product\/louis-vuitton-kalahari-pm-monogram-epices-handtasche-2\/","title":{"rendered":"Louis Vuitton Kalahari PM"},"content":{"rendered":"<p>\n<strong>Louis Vuitton Kalahari PM Handtasche Beschreibung<\/strong><\/p>\n<p>Die originale Louis Vuitton Kalahari PM Handtasche aus der Printemps-Et\u00e9 Collection 2009 wurde passend nach der sch\u00f6nen W\u00fcste Afrikas s\u00fcdlich der Sahara benannt. Sie ist aus Monogram-gepr\u00e4gten Kalbsleder sowie aus Ayers Schlangenleder gefertigt und verf\u00fcgt \u00fcber raffinierte Falten mit Kordelzug-Akzenten, polierte Perlen aus Harz sowie goldfarbene Hardware. Ein besonderer Hingucker ist der Griff der Tasche, der aufwendig aus einem Mix von Schlangenleder, poliertem Harz sowie goldfarbener Hardware-Akzente kreiert wurde. <\/p>\n<p>Die Klappe \u00f6ffnet sich zu einem bordeauxfarbenen Mikrofaserinnenfutter mit zwei aufgesetzten Steckf\u00e4chern, in denen sich wichtige Dinge des t\u00e4glichen Bedarfs aufbewahren lassen. <\/p>\n<p>Mit ihren verspielten Details zieht dieses wundersch\u00f6ne Modell alle Blicke auf sich und ist daher das perfekte Accessoire zu schlichten Outfits.<\/p>\n<p>Aufgrund der verwendeten Materialien und der Verarbeitung lag der Neupreis weit \u00fcber dem Preis des Modells aus Canvas. Bei der Louis Vuitton Kalahari PM &#8211; Monogram Epices lag der Neupreis bei 3.000\u20ac bei dem Modell aus Canvas hingegen bei 1.680\u20ac.\n<\/p>\n<p>\n<strong>Very good condition:<\/strong><br \/>\nDiese Louis Vuitton Kalahari PM Handtasche aus zweiter Hand ist insgesamt in einem sehr guten Zustand. Das Kalbsleder sowie die Ayers-Schlangenlederakzente sind in einem gepflegten Zustand. Auch der Taschengriff und die Kordel-Details aus poliertem Harz sind in einem einwandfreien Zustand. An den goldfarbenen W\u00fcrfeln mit der Louis Vuitton Pr\u00e4gung befinden sich Mikrokratzer, die durch Verwendung der Tasche unvermeidbar sind. Das Tascheninnere ist sauber, ohne Ger\u00fcche und weist keine L\u00f6cher\/Risse auf.\n<\/p>\n<p>\n<strong>Style:<\/strong> Shoulder bag, handbag<br \/>\n<strong>Size:<\/strong> PM<br \/>\n<strong>Dimensions (approx.):<\/strong> Breite 28 cm * H\u00f6he 27 cm * Tiefe 10 cm\n<\/p>\n<p>\n<strong>Exterior material:<\/strong> Kalbsleder; Ayers Schlangenleder<br \/>\n<strong>Interior Material<\/strong> microfibre lining\n<\/p>\n<p>The pictures represent the offered bag. The picture rights are held by MyLovelyBoutique.com.<\/p>\n<p>Follow us on <a href=\"https:\/\/www.instagram.com\/mylovelyboutique.de\/\" target=\"_blank\" rel=\"noopener noreferrer\"><span style=\"color: #e0adea\">Instagram<\/span><\/a> und lass Dich von unseren Outfit-Ideen inspirieren.<\/p>","protected":false},"excerpt":{"rendered":"<table class=\"mlb-product-details\">\n<tbody>\n<tr>\n<td class=\"mlb-details-caption\">Model<\/td>\n<td class=\"mlb-details-value\">Kalahari PM &#8211; Monogram Epices Masala (M97001)<\/td>\n<\/tr>\n<tr>\n<td class=\"mlb-details-caption\">Colour<\/td>\n<td class=\"mlb-details-value\">Masala\/Bordeaux\/Bunt<\/td>\n<\/tr>\n<tr>\n<td class=\"mlb-details-caption\">Hardware<\/td>\n<td class=\"mlb-details-value\">Gold<\/td>\n<\/tr>\n<tr>\n<td class=\"mlb-details-caption\">Year<\/td>\n<td class=\"mlb-details-value\">2009<\/td>\n<\/tr>\n<tr>\n<td class=\"mlb-details-caption\">Accessoires<\/td>\n<td class=\"mlb-details-value\">Dustbag<\/td>\n<\/tr>\n<tr>\n<td class=\"mlb-details-caption\">Condition<\/td>\n<td class=\"mlb-details-value\">Very good condition<\/td>\n<\/tr>\n<\/tbody>\n<\/table>","protected":false},"featured_media":9293,"template":"","meta":[],"product_brand":[],"product_cat":[154,68,1431,85,99],"product_tag":[],"class_list":{"0":"post-9253","1":"product","2":"type-product","3":"status-publish","4":"has-post-thumbnail","6":"product_cat-designer","7":"product_cat-handtaschen","8":"product_cat-louisvuitton","9":"product_cat-schultertaschen","10":"product_cat-taschen","11":"product_shipping_class-bis1000","13":"first","14":"outofstock","15":"sold-individually","16":"shipping-taxable","17":"purchasable","18":"product-type-simple"},"_links":{"self":[{"href":"https:\/\/baselle.com\/en\/wp-json\/wp\/v2\/product\/9253","targetHints":{"allow":["GET"]}}],"collection":[{"href":"https:\/\/baselle.com\/en\/wp-json\/wp\/v2\/product"}],"about":[{"href":"https:\/\/baselle.com\/en\/wp-json\/wp\/v2\/types\/product"}],"wp:featuredmedia":[{"embeddable":true,"href":"https:\/\/baselle.com\/en\/wp-json\/wp\/v2\/media\/9293"}],"wp:attachment":[{"href":"https:\/\/baselle.com\/en\/wp-json\/wp\/v2\/media?parent=9253"}],"wp:term":[{"taxonomy":"product_brand","embeddable":true,"href":"https:\/\/baselle.com\/en\/wp-json\/wp\/v2\/product_brand?post=9253"},{"taxonomy":"product_cat","embeddable":true,"href":"https:\/\/baselle.com\/en\/wp-json\/wp\/v2\/product_cat?post=9253"},{"taxonomy":"product_tag","embeddable":true,"href":"https:\/\/baselle.com\/en\/wp-json\/wp\/v2\/product_tag?post=9253"}],"curies":[{"name":"wp","href":"https:\/\/api.w.org\/{rel}","templated":true}]}}

<p>
<strong>Louis Vuitton Kalahari PM Handtasche Beschreibung</strong></p>
<p>Die originale Louis Vuitton Kalahari PM Handtasche aus der Printemps-Eté Collection 2009 wurde passend nach der schönen Wüste Afrikas südlich der Sahara benannt. Sie ist aus Monogram-geprägten Kalbsleder sowie aus Ayers Schlangenleder gefertigt und verfügt über raffinierte Falten mit Kordelzug-Akzenten, polierte Perlen aus Harz sowie goldfarbene Hardware. Ein besonderer Hingucker ist der Griff der Tasche, der aufwendig aus einem Mix von Schlangenleder, poliertem Harz sowie goldfarbener Hardware-Akzente kreiert wurde. </p>
<p>Die Klappe öffnet sich zu einem bordeauxfarbenen Mikrofaserinnenfutter mit zwei aufgesetzten Steckfächern, in denen sich wichtige Dinge des täglichen Bedarfs aufbewahren lassen. </p>
<p>Mit ihren verspielten Details zieht dieses wunderschöne Modell alle Blicke auf sich und ist daher das perfekte Accessoire zu schlichten Outfits.</p>
<p>Aufgrund der verwendeten Materialien und der Verarbeitung lag der Neupreis weit über dem Preis des Modells aus Canvas. Bei der Louis Vuitton Kalahari PM &#8211; Monogram Epices lag der Neupreis bei 3.000€ bei dem Modell aus Canvas hingegen bei 1.680€.
</p>
<p>
<strong>Very good condition:</strong><br />
Diese Louis Vuitton Kalahari PM Handtasche aus zweiter Hand ist insgesamt in einem sehr guten Zustand. Das Kalbsleder sowie die Ayers-Schlangenlederakzente sind in einem gepflegten Zustand. Auch der Taschengriff und die Kordel-Details aus poliertem Harz sind in einem einwandfreien Zustand. An den goldfarbenen Würfeln mit der Louis Vuitton Prägung befinden sich Mikrokratzer, die durch Verwendung der Tasche unvermeidbar sind. Das Tascheninnere ist sauber, ohne Gerüche und weist keine Löcher/Risse auf.
</p>
<p>
<strong>Style:</strong> Shoulder bag, handbag<br />
<strong>Size:</strong> PM<br />
<strong>Dimensions (approx.):</strong> Breite 28 cm * Höhe 27 cm * Tiefe 10 cm
</p>
<p>
<strong>Exterior material:</strong> Kalbsleder; Ayers Schlangenleder<br />
<strong>Interior Material</strong> microfibre lining
</p>
<p>The pictures represent the offered bag. The picture rights are held by MyLovelyBoutique.com.</p>
<p>Follow us on <a href="https://www.instagram.com/mylovelyboutique.de/" target="_blank" rel="noopener noreferrer"><span style="color: #e0adea">Instagram</span></a> und lass Dich von unseren Outfit-Ideen inspirieren.</p>
