{"id":8951,"date":"2018-10-25T22:20:01","date_gmt":"2018-10-25T20:20:01","guid":{"rendered":"https:\/\/baselle.com\/?post_type=product&#038;p=8951"},"modified":"2019-02-22T16:41:04","modified_gmt":"2019-02-22T15:41:04","slug":"louis-vuitton-alma-pm-vernis-leder-handtasche-second-hand-original","status":"publish","type":"product","link":"https:\/\/baselle.com\/en\/product\/louis-vuitton-alma-pm-vernis-leder-handtasche-second-hand-original\/","title":{"rendered":"Louis Vuitton Alma PM"},"content":{"rendered":"<p>\n<strong>Louis Vuitton Alma PM Monogram Vernis Leder Handtasche Beschreibung<\/strong><\/p>\n<p>Die originale Louis Vuitton Alma PM Monogram Vernis Leder Handtasche ist eine stilvolle Handtasche und geh\u00f6rt zu den zeitlosen Ikonen von Louis Vuitton. Mit der klassischen Form und dem ger\u00e4umigen Interieur ist dieses raffinierte Modell ein praktischer und stylischer Alltagsbegleiter. Die Alma PM Handtasche ist aus altrosanem Kalbslackleder mit gepr\u00e4gtem Louis Vuitton Monogramm gefertigt. Sie verf\u00fcgt \u00fcber einen Doppel-Rei\u00dfverschluss, sch\u00fctzende Taschenf\u00fc\u00dfchen, goldfarbene Hardware-Akzente sowie doppelt gerollte weiche Ledergriffe f\u00fcr maximalen Tragekomfort.<\/p>\n<p>Der umlaufende Rei\u00dfverschluss \u00f6ffnet sich zu einem altrosa-farbigen Innenfutter mit zwei Steckf\u00e4chern, die sich ideal f\u00fcr die Aufbewahrung wichtiger Dinge des t\u00e4glichen Bedarfs eignen. Das am Rei\u00dfverschluss angebrachte Schloss kann durch die in der Clochette befindlichen Schl\u00fcssel ge\u00f6ffnet und beliebig angebracht werden. Die Louis Vuitton Alma pr\u00e4sentiert gekonnt den besonderen Hauch von Luxus und Stil von Louis Vuitton.<\/p>\n<p>Der Neupreis dieser Tasche liegt bei 1750,00\u20ac. In dieser Farbe ist die Alma PM bei Louis Vuitton nicht verf\u00fcgbar.\n<\/p>\n<p>\n<strong>Excellent condition<\/strong><br \/>\nDiese Louis Vuitton Alma PM Monogram Vernis Leder Handtasche aus zweiter Hand ist in einem hervorragenden Zustand. Das Kalbslackleder ist in einem gepflegten, einwandfreien Zustand. Auch das Tascheninnere ist sauber, ohne Ger\u00fcche und weist keine L\u00f6cher\/Risse auf. Die goldene Hardware ist ebenfalls in einem sehr guten Zustand.\n<\/p>\n<p>\n<strong>Style:<\/strong> Handbag<br \/>\n<strong>Size:<\/strong> PM<br \/>\n<strong>Dimensions (approx.):<\/strong> Breite 32 cm * H\u00f6he 25 cm * Tiefe 16 cm\n<\/p>\n<p>\n<strong>Exterior material:<\/strong> Patent calfskin leather<br \/>\n<strong>Interior Material<\/strong> fabric lining\n<\/p>\n<p>The pictures represent the offered bag. The picture rights are held by MyLovelyBoutique.com. <\/p>\n<p>Follow us on <a href=\"https:\/\/www.instagram.com\/mylovelyboutique.de\/\" rel=\"noopener\" target=\"_blank\"><span style=\"color: #e0adea\">Instagram<\/span><\/a> und lass Dich von unseren Outfit-Ideen inspirieren. <\/p>","protected":false},"excerpt":{"rendered":"<table class=\"mlb-product-details\">\n<tbody>\n<tr>\n<td class=\"mlb-details-caption\">Model<\/td>\n<td class=\"mlb-details-value\">Alma PM Mon. Vernis Leder &#8211; Rose Velours (M91583)<\/td>\n<\/tr>\n<tr>\n<td class=\"mlb-details-caption\">Colour<\/td>\n<td class=\"mlb-details-value\">Altrosa\/Rose Velours<\/td>\n<\/tr>\n<tr>\n<td class=\"mlb-details-caption\">Hardware<\/td>\n<td class=\"mlb-details-value\">Gold<\/td>\n<\/tr>\n<tr>\n<td class=\"mlb-details-caption\">Year<\/td>\n<td class=\"mlb-details-value\">2013<\/td>\n<\/tr>\n<tr>\n<td class=\"mlb-details-caption\">Accessoires<\/td>\n<td class=\"mlb-details-value\">Box (am Deckel geklebt), Staubbeutel, Schloss+Schl\u00fcssel, Clochette, LV-Booklet, LV-Materialinfo<\/td>\n<\/tr>\n<tr>\n<td class=\"mlb-details-caption\">Condition<\/td>\n<td class=\"mlb-details-value\">Excellent<\/td>\n<\/tr>\n<\/tbody>\n<\/table>","protected":false},"featured_media":8979,"template":"","meta":[],"product_brand":[],"product_cat":[154,68,1431,99],"product_tag":[],"class_list":{"0":"post-8951","1":"product","2":"type-product","3":"status-publish","4":"has-post-thumbnail","6":"product_cat-designer","7":"product_cat-handtaschen","8":"product_cat-louisvuitton","9":"product_cat-taschen","10":"product_shipping_class-bis1000","12":"first","13":"outofstock","14":"sold-individually","15":"shipping-taxable","16":"purchasable","17":"product-type-simple"},"_links":{"self":[{"href":"https:\/\/baselle.com\/en\/wp-json\/wp\/v2\/product\/8951","targetHints":{"allow":["GET"]}}],"collection":[{"href":"https:\/\/baselle.com\/en\/wp-json\/wp\/v2\/product"}],"about":[{"href":"https:\/\/baselle.com\/en\/wp-json\/wp\/v2\/types\/product"}],"wp:featuredmedia":[{"embeddable":true,"href":"https:\/\/baselle.com\/en\/wp-json\/wp\/v2\/media\/8979"}],"wp:attachment":[{"href":"https:\/\/baselle.com\/en\/wp-json\/wp\/v2\/media?parent=8951"}],"wp:term":[{"taxonomy":"product_brand","embeddable":true,"href":"https:\/\/baselle.com\/en\/wp-json\/wp\/v2\/product_brand?post=8951"},{"taxonomy":"product_cat","embeddable":true,"href":"https:\/\/baselle.com\/en\/wp-json\/wp\/v2\/product_cat?post=8951"},{"taxonomy":"product_tag","embeddable":true,"href":"https:\/\/baselle.com\/en\/wp-json\/wp\/v2\/product_tag?post=8951"}],"curies":[{"name":"wp","href":"https:\/\/api.w.org\/{rel}","templated":true}]}}

<p>
<strong>Louis Vuitton Alma PM Monogram Vernis Leder Handtasche Beschreibung</strong></p>
<p>Die originale Louis Vuitton Alma PM Monogram Vernis Leder Handtasche ist eine stilvolle Handtasche und gehört zu den zeitlosen Ikonen von Louis Vuitton. Mit der klassischen Form und dem geräumigen Interieur ist dieses raffinierte Modell ein praktischer und stylischer Alltagsbegleiter. Die Alma PM Handtasche ist aus altrosanem Kalbslackleder mit geprägtem Louis Vuitton Monogramm gefertigt. Sie verfügt über einen Doppel-Reißverschluss, schützende Taschenfüßchen, goldfarbene Hardware-Akzente sowie doppelt gerollte weiche Ledergriffe für maximalen Tragekomfort.</p>
<p>Der umlaufende Reißverschluss öffnet sich zu einem altrosa-farbigen Innenfutter mit zwei Steckfächern, die sich ideal für die Aufbewahrung wichtiger Dinge des täglichen Bedarfs eignen. Das am Reißverschluss angebrachte Schloss kann durch die in der Clochette befindlichen Schlüssel geöffnet und beliebig angebracht werden. Die Louis Vuitton Alma präsentiert gekonnt den besonderen Hauch von Luxus und Stil von Louis Vuitton.</p>
<p>Der Neupreis dieser Tasche liegt bei 1750,00€. In dieser Farbe ist die Alma PM bei Louis Vuitton nicht verfügbar.
</p>
<p>
<strong>Excellent condition</strong><br />
Diese Louis Vuitton Alma PM Monogram Vernis Leder Handtasche aus zweiter Hand ist in einem hervorragenden Zustand. Das Kalbslackleder ist in einem gepflegten, einwandfreien Zustand. Auch das Tascheninnere ist sauber, ohne Gerüche und weist keine Löcher/Risse auf. Die goldene Hardware ist ebenfalls in einem sehr guten Zustand.
</p>
<p>
<strong>Style:</strong> Handbag<br />
<strong>Size:</strong> PM<br />
<strong>Dimensions (approx.):</strong> Breite 32 cm * Höhe 25 cm * Tiefe 16 cm
</p>
<p>
<strong>Exterior material:</strong> Patent calfskin leather<br />
<strong>Interior Material</strong> fabric lining
</p>
<p>The pictures represent the offered bag. The picture rights are held by MyLovelyBoutique.com. </p>
<p>Follow us on <a href="https://www.instagram.com/mylovelyboutique.de/" rel="noopener" target="_blank"><span style="color: #e0adea">Instagram</span></a> und lass Dich von unseren Outfit-Ideen inspirieren. </p>

<table class="mlb-product-details">
<tbody>
<tr>
<td class="mlb-details-caption">Model</td>
<td class="mlb-details-value">Alma PM Mon. Vernis Leder &#8211; Rose Velours (M91583)</td>
</tr>
<tr>
<td class="mlb-details-caption">Colour</td>
<td class="mlb-details-value">Altrosa/Rose Velours</td>
</tr>
<tr>
<td class="mlb-details-caption">Hardware</td>
<td class="mlb-details-value">Gold</td>
</tr>
<tr>
<td class="mlb-details-caption">Year</td>
<td class="mlb-details-value">2013</td>
</tr>
<tr>
<td class="mlb-details-caption">Accessoires</td>
<td class="mlb-details-value">Box (am Deckel geklebt), Staubbeutel, Schloss+Schlüssel, Clochette, LV-Booklet, LV-Materialinfo</td>
</tr>
<tr>
<td class="mlb-details-caption">Condition</td>
<td class="mlb-details-value">Excellent</td>
</tr>
</tbody>
</table>
