{"id":7479,"date":"2018-06-22T19:59:53","date_gmt":"2018-06-22T17:59:53","guid":{"rendered":"https:\/\/baselle.com\/?post_type=product&#038;p=7479"},"modified":"2020-02-27T12:07:59","modified_gmt":"2020-02-27T11:07:59","slug":"chanel-pearl-trim-bag","status":"publish","type":"product","link":"https:\/\/baselle.com\/en\/product\/chanel-pearl-trim-bag\/","title":{"rendered":"CHANEL Pearl Trim Bag"},"content":{"rendered":"<p>Very good condition:<br \/>\nDas Canvas ist insgesamt in einem sehr guten Zustand. Der Taschenboden ist teilweise verschmutzt. Das Tascheninnere ist sauber und weist keine L\u00f6cher\/Risse auf. Die silberne Hardware ist in einem sehr guten Zustand.<\/p>\n<p>Stil: Schultertasche<br \/>\nHandtaschengr\u00f6\u00dfe: Medium<br \/>\nMa\u00dfe (ca.): B26cm*H16,5cm*T9cm<br \/>\nTr\u00e4gerl\u00e4nge: einfach=88cm, doppelt=55cm<\/p>\n<p>Obermaterial: Canvas\/Leder<br \/>\nInnenmaterial: Canvas\/Leder<\/p>\n<p>&nbsp;<\/p>\n<p>Die Chanel Pearl Trim Double Flap Bag ist aus der Cruise Collection 2007.<\/p>\n<p>In der Medium Gr\u00f6\u00dfe ist diese zeitlose Chanel Tasche eine kompakte Alltagsbegleitung, die nicht zu gro\u00df ist und dennoch Platz f\u00fcr die wichtigsten Dinge wie Portemonnaie und Smartphone bietet.<br \/>\nDie Kette ist in der L\u00e4nge verstellbar, so dass die Tasche lang oder kurz \u00fcber der Schulter sowie eventuell auch Crossbody getragen werden kann.<\/p>\n<p>Das Tascheninnere teilt sich auf in ein gro\u00dfes Hauptfach und zwei Steckf\u00e4cher. Au\u00dferdem befindet sich vor dem Hauptfach ein Steckfach und unter der ersten Klappe ein kleines Rei\u00dfverschlussfach. Eine praktische aufgesetzte Au\u00dfentasche ist am Taschenr\u00fccken vorhanden.<br \/>\nVerschlossen wird die Tasche durch das typische CC-Turnlock.<\/p>","protected":false},"excerpt":{"rendered":"<table class=\"mlb-product-details\">\n<tbody>\n<tr>\n<td class=\"mlb-details-caption\">Model<\/td>\n<td class=\"mlb-details-value\">Pearl Trim Double Flap Bag<\/td>\n<\/tr>\n<tr>\n<td class=\"mlb-details-caption\">Colour<\/td>\n<td class=\"mlb-details-value\">Hellbeige\/Elfenbein<\/td>\n<\/tr>\n<tr>\n<td class=\"mlb-details-caption\">Hardware<\/td>\n<td class=\"mlb-details-value\">Silver<\/td>\n<\/tr>\n<tr>\n<td class=\"mlb-details-caption\">Year<\/td>\n<td class=\"mlb-details-value\">2007<\/td>\n<\/tr>\n<tr>\n<td class=\"mlb-details-caption\">Accessoires<\/td>\n<td class=\"mlb-details-value\">Dustbag, serialnumber with hologram<\/td>\n<\/tr>\n<tr>\n<td class=\"mlb-details-caption\">Condition<\/td>\n<td class=\"mlb-details-value\">Very good condition<\/td>\n<\/tr>\n<\/tbody>\n<\/table>","protected":false},"featured_media":7494,"template":"","meta":[],"product_brand":[],"product_cat":[1430,87,154,85,99],"product_tag":[],"class_list":{"0":"post-7479","1":"product","2":"type-product","3":"status-publish","4":"has-post-thumbnail","6":"product_cat-chanel","7":"product_cat-crossbodytaschen","8":"product_cat-designer","9":"product_cat-schultertaschen","10":"product_cat-taschen","11":"product_shipping_class-bis1000","13":"first","14":"outofstock","15":"sold-individually","16":"shipping-taxable","17":"purchasable","18":"product-type-simple"},"_links":{"self":[{"href":"https:\/\/baselle.com\/en\/wp-json\/wp\/v2\/product\/7479","targetHints":{"allow":["GET"]}}],"collection":[{"href":"https:\/\/baselle.com\/en\/wp-json\/wp\/v2\/product"}],"about":[{"href":"https:\/\/baselle.com\/en\/wp-json\/wp\/v2\/types\/product"}],"wp:featuredmedia":[{"embeddable":true,"href":"https:\/\/baselle.com\/en\/wp-json\/wp\/v2\/media\/7494"}],"wp:attachment":[{"href":"https:\/\/baselle.com\/en\/wp-json\/wp\/v2\/media?parent=7479"}],"wp:term":[{"taxonomy":"product_brand","embeddable":true,"href":"https:\/\/baselle.com\/en\/wp-json\/wp\/v2\/product_brand?post=7479"},{"taxonomy":"product_cat","embeddable":true,"href":"https:\/\/baselle.com\/en\/wp-json\/wp\/v2\/product_cat?post=7479"},{"taxonomy":"product_tag","embeddable":true,"href":"https:\/\/baselle.com\/en\/wp-json\/wp\/v2\/product_tag?post=7479"}],"curies":[{"name":"wp","href":"https:\/\/api.w.org\/{rel}","templated":true}]}}

<p>Very good condition:<br />
Das Canvas ist insgesamt in einem sehr guten Zustand. Der Taschenboden ist teilweise verschmutzt. Das Tascheninnere ist sauber und weist keine Löcher/Risse auf. Die silberne Hardware ist in einem sehr guten Zustand.</p>
<p>Stil: Schultertasche<br />
Handtaschengröße: Medium<br />
Maße (ca.): B26cm*H16,5cm*T9cm<br />
Trägerlänge: einfach=88cm, doppelt=55cm</p>
<p>Obermaterial: Canvas/Leder<br />
Innenmaterial: Canvas/Leder</p>
<p>&nbsp;</p>
<p>Die Chanel Pearl Trim Double Flap Bag ist aus der Cruise Collection 2007.</p>
<p>In der Medium Größe ist diese zeitlose Chanel Tasche eine kompakte Alltagsbegleitung, die nicht zu groß ist und dennoch Platz für die wichtigsten Dinge wie Portemonnaie und Smartphone bietet.<br />
Die Kette ist in der Länge verstellbar, so dass die Tasche lang oder kurz über der Schulter sowie eventuell auch Crossbody getragen werden kann.</p>
<p>Das Tascheninnere teilt sich auf in ein großes Hauptfach und zwei Steckfächer. Außerdem befindet sich vor dem Hauptfach ein Steckfach und unter der ersten Klappe ein kleines Reißverschlussfach. Eine praktische aufgesetzte Außentasche ist am Taschenrücken vorhanden.<br />
Verschlossen wird die Tasche durch das typische CC-Turnlock.</p>
