{"id":7213,"date":"2018-03-10T14:49:55","date_gmt":"2018-03-10T13:49:55","guid":{"rendered":"https:\/\/baselle.com\/?post_type=product&#038;p=7213"},"modified":"2019-02-22T16:43:44","modified_gmt":"2019-02-22T15:43:44","slug":"louis-vuitton-fantaisie-2","status":"publish","type":"product","link":"https:\/\/baselle.com\/en\/product\/louis-vuitton-fantaisie-2\/","title":{"rendered":"Louis Vuitton Fantaisie"},"content":{"rendered":"<p>Very good condition:<br \/>\nDer Monogram Idylle Stoff ist in einem sehr guten Zustand. Die Lederbes\u00e4tze befinden sich in einem sehr guten Zustand. Das Tascheninnere ist sauber, ohne Flecken und weist keine L\u00f6cher\/Risse auf. Die goldene Hardware ist ebenfalls in einem sehr guten Zustand.<\/p>\n<p>Stil: Schulter\/Shopper<br \/>\nHandtaschengr\u00f6\u00dfe: GM<br \/>\nMa\u00dfe (ca.): B44cm*H34cm*T12cm<\/p>\n<p>Obermaterial: Monogram Idylle Stoff; Besatz aus Rindsleder<br \/>\nInnenmaterial: Textilinnenfutter<\/p>\n<p>Die Fantaisie ist eine wundersch\u00f6ne Tasche, die sich optimal f\u00fcr den Alltag eignet. Sie ist ger\u00e4umig und aufgrund ihres Materials wahnsinnig leicht. Im Tascheninneren befindet sich ein Rei\u00dfverschlussinnenfach, zwei Einsteckf\u00e4cher und ein D-Ring zum Anbringen von Schl\u00fcssel etc.<\/p>","protected":false},"excerpt":{"rendered":"<table class=\"mlb-product-details\">\n<tbody>\n<tr>\n<td class=\"mlb-details-caption\">Model<\/td>\n<td class=\"mlb-details-value\">Fantaisie Mon. Idylle Encre<\/td>\n<\/tr>\n<tr>\n<td class=\"mlb-details-caption\">Colour<\/td>\n<td class=\"mlb-details-value\">Encre\/Grau-Blau<\/td>\n<\/tr>\n<tr>\n<td class=\"mlb-details-caption\">Hardware<\/td>\n<td class=\"mlb-details-value\">Gold<\/td>\n<\/tr>\n<tr>\n<td class=\"mlb-details-caption\">Year<\/td>\n<td class=\"mlb-details-value\">2011<\/td>\n<\/tr>\n<tr>\n<td class=\"mlb-details-caption\">Accessoires<\/td>\n<td class=\"mlb-details-value\">Dustbag<\/td>\n<\/tr>\n<tr>\n<td class=\"mlb-details-caption\">Condition<\/td>\n<td class=\"mlb-details-value\">Very good condition<\/td>\n<\/tr>\n<\/tbody>\n<\/table>","protected":false},"featured_media":7227,"template":"","meta":[],"product_brand":[],"product_cat":[154,1431,85,99],"product_tag":[102],"class_list":{"0":"post-7213","1":"product","2":"type-product","3":"status-publish","4":"has-post-thumbnail","6":"product_cat-designer","7":"product_cat-louisvuitton","8":"product_cat-schultertaschen","9":"product_cat-taschen","10":"product_tag-sale","11":"product_shipping_class-0-500","13":"first","14":"outofstock","15":"sale","16":"sold-individually","17":"shipping-taxable","18":"purchasable","19":"product-type-simple"},"_links":{"self":[{"href":"https:\/\/baselle.com\/en\/wp-json\/wp\/v2\/product\/7213","targetHints":{"allow":["GET"]}}],"collection":[{"href":"https:\/\/baselle.com\/en\/wp-json\/wp\/v2\/product"}],"about":[{"href":"https:\/\/baselle.com\/en\/wp-json\/wp\/v2\/types\/product"}],"wp:featuredmedia":[{"embeddable":true,"href":"https:\/\/baselle.com\/en\/wp-json\/wp\/v2\/media\/7227"}],"wp:attachment":[{"href":"https:\/\/baselle.com\/en\/wp-json\/wp\/v2\/media?parent=7213"}],"wp:term":[{"taxonomy":"product_brand","embeddable":true,"href":"https:\/\/baselle.com\/en\/wp-json\/wp\/v2\/product_brand?post=7213"},{"taxonomy":"product_cat","embeddable":true,"href":"https:\/\/baselle.com\/en\/wp-json\/wp\/v2\/product_cat?post=7213"},{"taxonomy":"product_tag","embeddable":true,"href":"https:\/\/baselle.com\/en\/wp-json\/wp\/v2\/product_tag?post=7213"}],"curies":[{"name":"wp","href":"https:\/\/api.w.org\/{rel}","templated":true}]}}

<p>Very good condition:<br />
Der Monogram Idylle Stoff ist in einem sehr guten Zustand. Die Lederbesätze befinden sich in einem sehr guten Zustand. Das Tascheninnere ist sauber, ohne Flecken und weist keine Löcher/Risse auf. Die goldene Hardware ist ebenfalls in einem sehr guten Zustand.</p>
<p>Stil: Schulter/Shopper<br />
Handtaschengröße: GM<br />
Maße (ca.): B44cm*H34cm*T12cm</p>
<p>Obermaterial: Monogram Idylle Stoff; Besatz aus Rindsleder<br />
Innenmaterial: Textilinnenfutter</p>
<p>Die Fantaisie ist eine wunderschöne Tasche, die sich optimal für den Alltag eignet. Sie ist geräumig und aufgrund ihres Materials wahnsinnig leicht. Im Tascheninneren befindet sich ein Reißverschlussinnenfach, zwei Einsteckfächer und ein D-Ring zum Anbringen von Schlüssel etc.</p>
