{"id":6893,"date":"2017-10-27T12:28:08","date_gmt":"2017-10-27T10:28:08","guid":{"rendered":"https:\/\/baselle.com\/?post_type=product&#038;p=6893"},"modified":"2020-02-27T11:59:01","modified_gmt":"2020-02-27T10:59:01","slug":"chanel-mountain-rucksack-schaffell-rosa","status":"publish","type":"product","link":"https:\/\/baselle.com\/en\/product\/chanel-mountain-rucksack-schaffell-rosa\/","title":{"rendered":"CHANEL Shearling Rucksack"},"content":{"rendered":"<p>\n<strong>CHANEL Classic Mountain Shearling Backpack Rucksack Beschreibung<\/strong><\/p>\n<p>Der originale CHANEL Classic Mountain Shearling Backpack Rucksack ist aus der CHANEL Paris-Salzburg Pre-Fall Collection 2015. Er ist eine absolute Rarit\u00e4t und vor allem in diesem traumhaft sch\u00f6nen Rosa kaum zu finden! Gefertigt ist der Rucksack aus rosanem Lammfell sowie gestepptem Kalbsleder. Er verf\u00fcgt \u00fcber gewebte Kettenriemen, verspielte Anh\u00e4nger sowie silberfarbene Hardware mit Ruthenium-Finish. F\u00fcr maximalen Tragekomfort k\u00f6nnen die Trageriemen in der L\u00e4nge dreifach verstellt und den Bed\u00fcrfnissen angepasst werden. Der Rucksack kann ebenso an dem oberen Teil des Kettenriemens als Handtasche getragen werden. <\/p>\n<p>Durch das CC-Turnlock \u00f6ffnet sich der CHANEL Mountain Backpack zu einem bordeauxfarbenen Innenfutter mit einem Steckfach. Auf der Vorderseite des Rucksacks befindet sich ein Rei\u00dfverschlussfach mit CC- und Edelwei\u00df-Anh\u00e4nger. Verspielte Details wie diese machen aus dem dem komfortablen CHANEL Shearling Rucksack einen stylischen Blickf\u00e4nger. Ob auf dem R\u00fccken oder als Handtasche getragen &#8211; dieses Schmuckst\u00fcck ist nicht nur praktisch, sondern auch immer ein wahrer Hingucker.\n<\/p>\n<p>\n<strong>Very good condition:<\/strong><br \/>\nDieser CHANEL Classic Mountain Backpack Rucksack aus zweiter Hand ist insgesamt in einem sehr guten Zustand. Das Lammfell ist sauber und sieht nach wie vor sehr gepflegt aus. Auch das Kalbsleder und die silberfarbenen Hardware-Akzente sind in einem gepflegten Zustand. Das Rucksackinnere ist sauber und weist weder Flecken, Risse noch Ger\u00fcche auf.\n<\/p>\n<p>\n<strong>Style:<\/strong> Backpack<br \/>\n<strong>Size:<\/strong> Small<br \/>\n<strong>Dimensions (approx.):<\/strong> Breite 22 cm * H\u00f6he 27 cm * Tiefe 12 cm\n<\/p>\n<p>\n<strong>Exterior material:<\/strong> Shearling, Kalbsleder<br \/>\n<strong>Interior Material<\/strong> fabric lining\n<\/p>\n<p>Die Bilder stellen den angebotenen Rucksack dar und sind Eigentum von MyLovelyBoutique.com. <\/p>\n<p>Follow us on <a href=\"https:\/\/www.instagram.com\/mylovelyboutique.de\/\" rel=\"noopener noreferrer\" target=\"_blank\"><span style=\"color: #e0adea\">Instagram<\/span><\/a> und lass Dich von unseren Outfit-Ideen inspirieren. <\/p>","protected":false},"excerpt":{"rendered":"<table class=\"mlb-product-details\">\n<tbody>\n<tr>\n<td class=\"mlb-details-caption\">Model<\/td>\n<td class=\"mlb-details-value\">Classic Mountain Quilted Shearling Backpack<\/td>\n<\/tr>\n<tr>\n<td class=\"mlb-details-caption\">Colour<\/td>\n<td class=\"mlb-details-value\">Pink<\/td>\n<\/tr>\n<tr>\n<td class=\"mlb-details-caption\">Hardware<\/td>\n<td class=\"mlb-details-value\">Silver with ruthenium finish<\/td>\n<\/tr>\n<tr>\n<td class=\"mlb-details-caption\">Year<\/td>\n<td class=\"mlb-details-value\">2015<\/td>\n<\/tr>\n<tr>\n<td class=\"mlb-details-caption\">Accessoires<\/td>\n<td class=\"mlb-details-value\">Dustbag, serialnumber with hologram<\/td>\n<\/tr>\n<tr>\n<td class=\"mlb-details-caption\">Condition<\/td>\n<td class=\"mlb-details-value\">Very good condition<\/td>\n<\/tr>\n<\/tbody>\n<\/table>","protected":false},"featured_media":8325,"template":"","meta":[],"product_brand":[],"product_cat":[1430,154,88,99],"product_tag":[102],"class_list":{"0":"post-6893","1":"product","2":"type-product","3":"status-publish","4":"has-post-thumbnail","6":"product_cat-chanel","7":"product_cat-designer","8":"product_cat-rucksaecke","9":"product_cat-taschen","10":"product_tag-sale","12":"first","13":"outofstock","14":"sale","15":"sold-individually","16":"shipping-taxable","17":"purchasable","18":"product-type-simple"},"_links":{"self":[{"href":"https:\/\/baselle.com\/en\/wp-json\/wp\/v2\/product\/6893","targetHints":{"allow":["GET"]}}],"collection":[{"href":"https:\/\/baselle.com\/en\/wp-json\/wp\/v2\/product"}],"about":[{"href":"https:\/\/baselle.com\/en\/wp-json\/wp\/v2\/types\/product"}],"wp:featuredmedia":[{"embeddable":true,"href":"https:\/\/baselle.com\/en\/wp-json\/wp\/v2\/media\/8325"}],"wp:attachment":[{"href":"https:\/\/baselle.com\/en\/wp-json\/wp\/v2\/media?parent=6893"}],"wp:term":[{"taxonomy":"product_brand","embeddable":true,"href":"https:\/\/baselle.com\/en\/wp-json\/wp\/v2\/product_brand?post=6893"},{"taxonomy":"product_cat","embeddable":true,"href":"https:\/\/baselle.com\/en\/wp-json\/wp\/v2\/product_cat?post=6893"},{"taxonomy":"product_tag","embeddable":true,"href":"https:\/\/baselle.com\/en\/wp-json\/wp\/v2\/product_tag?post=6893"}],"curies":[{"name":"wp","href":"https:\/\/api.w.org\/{rel}","templated":true}]}}

<p>
<strong>CHANEL Classic Mountain Shearling Backpack Rucksack Beschreibung</strong></p>
<p>Der originale CHANEL Classic Mountain Shearling Backpack Rucksack ist aus der CHANEL Paris-Salzburg Pre-Fall Collection 2015. Er ist eine absolute Rarität und vor allem in diesem traumhaft schönen Rosa kaum zu finden! Gefertigt ist der Rucksack aus rosanem Lammfell sowie gestepptem Kalbsleder. Er verfügt über gewebte Kettenriemen, verspielte Anhänger sowie silberfarbene Hardware mit Ruthenium-Finish. Für maximalen Tragekomfort können die Trageriemen in der Länge dreifach verstellt und den Bedürfnissen angepasst werden. Der Rucksack kann ebenso an dem oberen Teil des Kettenriemens als Handtasche getragen werden. </p>
<p>Durch das CC-Turnlock öffnet sich der CHANEL Mountain Backpack zu einem bordeauxfarbenen Innenfutter mit einem Steckfach. Auf der Vorderseite des Rucksacks befindet sich ein Reißverschlussfach mit CC- und Edelweiß-Anhänger. Verspielte Details wie diese machen aus dem dem komfortablen CHANEL Shearling Rucksack einen stylischen Blickfänger. Ob auf dem Rücken oder als Handtasche getragen &#8211; dieses Schmuckstück ist nicht nur praktisch, sondern auch immer ein wahrer Hingucker.
</p>
<p>
<strong>Very good condition:</strong><br />
Dieser CHANEL Classic Mountain Backpack Rucksack aus zweiter Hand ist insgesamt in einem sehr guten Zustand. Das Lammfell ist sauber und sieht nach wie vor sehr gepflegt aus. Auch das Kalbsleder und die silberfarbenen Hardware-Akzente sind in einem gepflegten Zustand. Das Rucksackinnere ist sauber und weist weder Flecken, Risse noch Gerüche auf.
</p>
<p>
<strong>Style:</strong> Backpack<br />
<strong>Size:</strong> Small<br />
<strong>Dimensions (approx.):</strong> Breite 22 cm * Höhe 27 cm * Tiefe 12 cm
</p>
<p>
<strong>Exterior material:</strong> Shearling, Kalbsleder<br />
<strong>Interior Material</strong> fabric lining
</p>
<p>Die Bilder stellen den angebotenen Rucksack dar und sind Eigentum von MyLovelyBoutique.com. </p>
<p>Follow us on <a href="https://www.instagram.com/mylovelyboutique.de/" rel="noopener noreferrer" target="_blank"><span style="color: #e0adea">Instagram</span></a> und lass Dich von unseren Outfit-Ideen inspirieren. </p>
