{"id":6506,"date":"2017-06-16T16:00:45","date_gmt":"2017-06-16T14:00:45","guid":{"rendered":"https:\/\/baselle.com\/?post_type=product&#038;p=6506"},"modified":"2019-02-22T16:47:46","modified_gmt":"2019-02-22T15:47:46","slug":"louis-vuitton-artsy-terre","status":"publish","type":"product","link":"https:\/\/baselle.com\/en\/product\/louis-vuitton-artsy-terre\/","title":{"rendered":"Louis Vuitton Artsy Terre"},"content":{"rendered":"<p>\nVery good condition:<br \/>\nDas Monogram Empreinte Leder ist in einem hervorragenden Zustand. Das Tascheninnere ist sauber und weist keine L\u00f6cher\/Risse auf. Die goldene Hardware ist in einem einwandfreien Zustand, teilweise noch mit Schutzfolie versehen.\n<\/p>\n<p>\nStil: Schulter\/Shopper<br \/>\nHandtaschengr\u00f6\u00dfe: MM<br \/>\nMa\u00dfe (ca.): B46cm*H32cm*T24cm\n<\/p>\n<p>\nObermaterial: Kalbsleder<br \/>\nInnenmaterial: Textilinnenfutter\n<\/p>\n<p>\nDie Artsy MM geh\u00f6rt zu den Klassikern unter den Louis Vuitton Taschen &#8211; sie ist ein zeitloser, luxuri\u00f6ser und zugleich praktischer Alltagsbegleiter. Die 6 Einsteckf\u00e4cher, ein Rei\u00dfverschlussfach sowie ein D-Ring sorgen f\u00fcr Ordnung in der Tasche. Der abnehmbare Anh\u00e4nger kann sowohl als Schmuck f\u00fcr die Tasche wie auch als Schl\u00fcsselring verwendet werden.<\/p>","protected":false},"excerpt":{"rendered":"<table class=\"mlb-product-details\">\n<tbody>\n<tr>\n<td class=\"mlb-details-caption\">Model<\/td>\n<td class=\"mlb-details-value\">Artsy MM &#8211; Monogram Empreinte (M94171)<\/td>\n<\/tr>\n<tr>\n<td class=\"mlb-details-caption\">Colour<\/td>\n<td class=\"mlb-details-value\">Terre\/Braun<\/td>\n<\/tr>\n<tr>\n<td class=\"mlb-details-caption\">Hardware<\/td>\n<td class=\"mlb-details-value\">Gold<\/td>\n<\/tr>\n<tr>\n<td class=\"mlb-details-caption\">Year<\/td>\n<td class=\"mlb-details-value\">2015<\/td>\n<\/tr>\n<tr>\n<td class=\"mlb-details-caption\">Accessoires<\/td>\n<td class=\"mlb-details-value\">Staubbeutel, Kopie der Originalrechnung<\/td>\n<\/tr>\n<tr>\n<td class=\"mlb-details-caption\">Condition<\/td>\n<td class=\"mlb-details-value\">Very good condition<\/td>\n<\/tr>\n<\/tbody>\n<\/table>","protected":false},"featured_media":6513,"template":"","meta":[],"product_brand":[],"product_cat":[154,1431,85,99],"product_tag":[],"class_list":{"0":"post-6506","1":"product","2":"type-product","3":"status-publish","4":"has-post-thumbnail","6":"product_cat-designer","7":"product_cat-louisvuitton","8":"product_cat-schultertaschen","9":"product_cat-taschen","10":"product_shipping_class-bis1000","12":"first","13":"outofstock","14":"sold-individually","15":"shipping-taxable","16":"purchasable","17":"product-type-simple"},"_links":{"self":[{"href":"https:\/\/baselle.com\/en\/wp-json\/wp\/v2\/product\/6506","targetHints":{"allow":["GET"]}}],"collection":[{"href":"https:\/\/baselle.com\/en\/wp-json\/wp\/v2\/product"}],"about":[{"href":"https:\/\/baselle.com\/en\/wp-json\/wp\/v2\/types\/product"}],"wp:featuredmedia":[{"embeddable":true,"href":"https:\/\/baselle.com\/en\/wp-json\/wp\/v2\/media\/6513"}],"wp:attachment":[{"href":"https:\/\/baselle.com\/en\/wp-json\/wp\/v2\/media?parent=6506"}],"wp:term":[{"taxonomy":"product_brand","embeddable":true,"href":"https:\/\/baselle.com\/en\/wp-json\/wp\/v2\/product_brand?post=6506"},{"taxonomy":"product_cat","embeddable":true,"href":"https:\/\/baselle.com\/en\/wp-json\/wp\/v2\/product_cat?post=6506"},{"taxonomy":"product_tag","embeddable":true,"href":"https:\/\/baselle.com\/en\/wp-json\/wp\/v2\/product_tag?post=6506"}],"curies":[{"name":"wp","href":"https:\/\/api.w.org\/{rel}","templated":true}]}}

<p>
Very good condition:<br />
Das Monogram Empreinte Leder ist in einem hervorragenden Zustand. Das Tascheninnere ist sauber und weist keine Löcher/Risse auf. Die goldene Hardware ist in einem einwandfreien Zustand, teilweise noch mit Schutzfolie versehen.
</p>
<p>
Stil: Schulter/Shopper<br />
Handtaschengröße: MM<br />
Maße (ca.): B46cm*H32cm*T24cm
</p>
<p>
Obermaterial: Kalbsleder<br />
Innenmaterial: Textilinnenfutter
</p>
<p>
Die Artsy MM gehört zu den Klassikern unter den Louis Vuitton Taschen &#8211; sie ist ein zeitloser, luxuriöser und zugleich praktischer Alltagsbegleiter. Die 6 Einsteckfächer, ein Reißverschlussfach sowie ein D-Ring sorgen für Ordnung in der Tasche. Der abnehmbare Anhänger kann sowohl als Schmuck für die Tasche wie auch als Schlüsselring verwendet werden.</p>
