{"id":6243,"date":"2017-05-08T13:49:49","date_gmt":"2017-05-08T11:49:49","guid":{"rendered":"https:\/\/baselle.com\/?post_type=product&#038;p=6243"},"modified":"2020-02-27T12:31:56","modified_gmt":"2020-02-27T11:31:56","slug":"chanel-wool-flap-bag","status":"publish","type":"product","link":"https:\/\/baselle.com\/en\/product\/chanel-wool-flap-bag\/","title":{"rendered":"CHANEL Wool Flap Bag"},"content":{"rendered":"<p>\nVery good condition:<br \/>\nDas Obermaterial aus Wolle sowie die Hardware sind in einem sehr guten Zustand. Das Tascheninnere ist sauber und weist keine L\u00f6cher\/Risse auf. \n<\/p>\n<p>\nStil: Schulter\/Crossbody<br \/>\nHandtaschengr\u00f6\u00dfe: Medium<br \/>\nMa\u00dfe (ca.): B27cm*H16,5cm*T8cm<br \/>\nTr\u00e4gerl\u00e4nge: lang=105cm; kurz=64cm\n<\/p>\n<p>\nObermaterial: Wolle<br \/>\nInnenmaterial: Textilinnenfutter\n<\/p>\n<p>\nDie Chanel Wool Flap Bag der  Metiers d&#8217;Art Paris-Salzburg &#8211; Pre-Fall 2015 Collection ist ein limitiertes und seltenes St\u00fcck.<br \/>\nDie Tasche kann lang oder kurz \u00fcber der Schulter getragen werden. Das Tascheninnere teilt sich auf in ein gro\u00dfes Hauptfach und ein Rei\u00dfverschlussfach. \u00d6ffnen l\u00e4sst sich die Tasche durch einen \u00dcberschlag und verschlossen wird sie durch das typische CC-Turnlock.<\/p>","protected":false},"excerpt":{"rendered":"<table class=\"mlb-product-details\">\n<tbody>\n<tr>\n<td class=\"mlb-details-caption\">Model<\/td>\n<td class=\"mlb-details-value\">Medium Wool Flap Bag with Braid And Edelweiss<\/td>\n<\/tr>\n<tr>\n<td class=\"mlb-details-caption\">Colour<\/td>\n<td class=\"mlb-details-value\">Ivory<\/td>\n<\/tr>\n<tr>\n<td class=\"mlb-details-caption\">Hardware<\/td>\n<td class=\"mlb-details-value\">Antik-Silber<\/td>\n<\/tr>\n<tr>\n<td class=\"mlb-details-caption\">Year<\/td>\n<td class=\"mlb-details-value\">2015<\/td>\n<\/tr>\n<tr>\n<td class=\"mlb-details-caption\">Accessoires<\/td>\n<td class=\"mlb-details-value\">Originalrechnung, Box, Hologramm, Authentizit\u00e4tskarte<\/td>\n<\/tr>\n<tr>\n<td class=\"mlb-details-caption\">Condition<\/td>\n<td class=\"mlb-details-value\">Very good condition<\/td>\n<\/tr>\n<\/tbody>\n<\/table>","protected":false},"featured_media":6369,"template":"","meta":[],"product_brand":[],"product_cat":[1430,154,85,99],"product_tag":[],"class_list":{"0":"post-6243","1":"product","2":"type-product","3":"status-publish","4":"has-post-thumbnail","6":"product_cat-chanel","7":"product_cat-designer","8":"product_cat-schultertaschen","9":"product_cat-taschen","10":"product_shipping_class-bis1000","12":"first","13":"outofstock","14":"sold-individually","15":"shipping-taxable","16":"purchasable","17":"product-type-simple"},"_links":{"self":[{"href":"https:\/\/baselle.com\/en\/wp-json\/wp\/v2\/product\/6243","targetHints":{"allow":["GET"]}}],"collection":[{"href":"https:\/\/baselle.com\/en\/wp-json\/wp\/v2\/product"}],"about":[{"href":"https:\/\/baselle.com\/en\/wp-json\/wp\/v2\/types\/product"}],"wp:featuredmedia":[{"embeddable":true,"href":"https:\/\/baselle.com\/en\/wp-json\/wp\/v2\/media\/6369"}],"wp:attachment":[{"href":"https:\/\/baselle.com\/en\/wp-json\/wp\/v2\/media?parent=6243"}],"wp:term":[{"taxonomy":"product_brand","embeddable":true,"href":"https:\/\/baselle.com\/en\/wp-json\/wp\/v2\/product_brand?post=6243"},{"taxonomy":"product_cat","embeddable":true,"href":"https:\/\/baselle.com\/en\/wp-json\/wp\/v2\/product_cat?post=6243"},{"taxonomy":"product_tag","embeddable":true,"href":"https:\/\/baselle.com\/en\/wp-json\/wp\/v2\/product_tag?post=6243"}],"curies":[{"name":"wp","href":"https:\/\/api.w.org\/{rel}","templated":true}]}}

<p>
Very good condition:<br />
Das Obermaterial aus Wolle sowie die Hardware sind in einem sehr guten Zustand. Das Tascheninnere ist sauber und weist keine Löcher/Risse auf. 
</p>
<p>
Stil: Schulter/Crossbody<br />
Handtaschengröße: Medium<br />
Maße (ca.): B27cm*H16,5cm*T8cm<br />
Trägerlänge: lang=105cm; kurz=64cm
</p>
<p>
Obermaterial: Wolle<br />
Innenmaterial: Textilinnenfutter
</p>
<p>
Die Chanel Wool Flap Bag der  Metiers d&#8217;Art Paris-Salzburg &#8211; Pre-Fall 2015 Collection ist ein limitiertes und seltenes Stück.<br />
Die Tasche kann lang oder kurz über der Schulter getragen werden. Das Tascheninnere teilt sich auf in ein großes Hauptfach und ein Reißverschlussfach. Öffnen lässt sich die Tasche durch einen Überschlag und verschlossen wird sie durch das typische CC-Turnlock.</p>

<table class="mlb-product-details">
<tbody>
<tr>
<td class="mlb-details-caption">Model</td>
<td class="mlb-details-value">Medium Wool Flap Bag with Braid And Edelweiss</td>
</tr>
<tr>
<td class="mlb-details-caption">Colour</td>
<td class="mlb-details-value">Ivory</td>
</tr>
<tr>
<td class="mlb-details-caption">Hardware</td>
<td class="mlb-details-value">Antik-Silber</td>
</tr>
<tr>
<td class="mlb-details-caption">Year</td>
<td class="mlb-details-value">2015</td>
</tr>
<tr>
<td class="mlb-details-caption">Accessoires</td>
<td class="mlb-details-value">Originalrechnung, Box, Hologramm, Authentizitätskarte</td>
</tr>
<tr>
<td class="mlb-details-caption">Condition</td>
<td class="mlb-details-value">Very good condition</td>
</tr>
</tbody>
</table>
