{"id":23746,"date":"2025-06-20T02:41:10","date_gmt":"2025-06-20T00:41:10","guid":{"rendered":"https:\/\/baselle.com\/?post_type=product&#038;p=23746"},"modified":"2025-08-08T09:04:16","modified_gmt":"2025-08-08T07:04:16","slug":"hermes-carre-brides-de-gala-23746","status":"publish","type":"product","link":"https:\/\/baselle.com\/en\/product\/hermes-carre-brides-de-gala-23746\/","title":{"rendered":"Herm\u00e8s Carr\u00e9 &#8220;Brides de Gala&#8221;"},"content":{"rendered":"<p><strong>Herm\u00e8s Carr\u00e9 &#8220;Brides de Gala&#8221; Beschreibung<\/strong><\/p>\n<p>Dieses originale Herm\u00e8s Carr\u00e9 &#8220;Brides de Gala&#8221; ist ein zeitloses und klassisches Accessoire f\u00fcr jede Jahreszeit. Das Tuch kann sowohl um den Hals, als G\u00fcrtel wie auch als Accessoire an einer Handtasche getragen werden. Es ist aus weicher, hochwertiger Seide mit handrollierten S\u00e4umen gefertigt. <\/p>\n<p><strong>Mint condition<\/strong><br \/>\nDieses Herm\u00e8s Carr\u00e9 &#8220;Plaza de Toros&#8221; ist in einem neuwertigen Zustand.  <\/p>\n<p><strong>Dimensions (approx.):<\/strong> 90 * 90 cm<\/p>\n<p><strong>Material:<\/strong> 100 % silk<\/p>\n<p>The pictures represent the offered scarf. The picture rights are held by BASELLE.<\/p>\n<p>Follow us on <a href=\"https:\/\/www.instagram.com\/baselle_com\/\" rel=\"noopener noreferrer\" target=\"_blank\">Instagram<\/a> and get inspired. <\/p>","protected":false},"excerpt":{"rendered":"<table class=\"mlb-product-details\">\n<tbody>\n<tr>\n<td class=\"mlb-details-caption\">Model<\/td>\n<td class=\"mlb-details-value\">Carr\u00e9 &#8220;Brides de Gala&#8221;&#8221;<\/td>\n<\/tr>\n<tr>\n<td class=\"mlb-details-caption\">Colour<\/td>\n<td class=\"mlb-details-value\">Hellblau, Wei\u00df<\/td>\n<\/tr>\n<tr>\n<td class=\"mlb-details-caption\">Hardware<\/td>\n<td class=\"mlb-details-value\">&#8211;<\/td>\n<\/tr>\n<tr>\n<td class=\"mlb-details-caption\">Year<\/td>\n<td class=\"mlb-details-value\">&#8211;<\/td>\n<\/tr>\n<tr>\n<td class=\"mlb-details-caption\">Accessoires<\/td>\n<td class=\"mlb-details-value\">&#8211;<\/td>\n<\/tr>\n<tr>\n<td class=\"mlb-details-caption\">Condition<\/td>\n<td class=\"mlb-details-value\">Mint condition<\/td>\n<\/tr>\n<\/tbody>\n<\/table>","protected":false},"featured_media":23750,"template":"","meta":[],"product_brand":[],"product_cat":[57,154,3671,70],"product_tag":[],"class_list":{"0":"post-23746","1":"product","2":"type-product","3":"status-publish","4":"has-post-thumbnail","6":"product_cat-accessories","7":"product_cat-designer","8":"product_cat-hermes","9":"product_cat-schalstuecher","10":"product_shipping_class-0-500","12":"first","13":"instock","14":"shipping-taxable","15":"purchasable","16":"product-type-simple"},"_links":{"self":[{"href":"https:\/\/baselle.com\/en\/wp-json\/wp\/v2\/product\/23746","targetHints":{"allow":["GET"]}}],"collection":[{"href":"https:\/\/baselle.com\/en\/wp-json\/wp\/v2\/product"}],"about":[{"href":"https:\/\/baselle.com\/en\/wp-json\/wp\/v2\/types\/product"}],"wp:featuredmedia":[{"embeddable":true,"href":"https:\/\/baselle.com\/en\/wp-json\/wp\/v2\/media\/23750"}],"wp:attachment":[{"href":"https:\/\/baselle.com\/en\/wp-json\/wp\/v2\/media?parent=23746"}],"wp:term":[{"taxonomy":"product_brand","embeddable":true,"href":"https:\/\/baselle.com\/en\/wp-json\/wp\/v2\/product_brand?post=23746"},{"taxonomy":"product_cat","embeddable":true,"href":"https:\/\/baselle.com\/en\/wp-json\/wp\/v2\/product_cat?post=23746"},{"taxonomy":"product_tag","embeddable":true,"href":"https:\/\/baselle.com\/en\/wp-json\/wp\/v2\/product_tag?post=23746"}],"curies":[{"name":"wp","href":"https:\/\/api.w.org\/{rel}","templated":true}]}}

Hermès Carré &#8220;Brides de Gala&#8221;

<p><strong>Hermès Carré &#8220;Brides de Gala&#8221; Beschreibung</strong></p>
<p>Dieses originale Hermès Carré &#8220;Brides de Gala&#8221; ist ein zeitloses und klassisches Accessoire für jede Jahreszeit. Das Tuch kann sowohl um den Hals, als Gürtel wie auch als Accessoire an einer Handtasche getragen werden. Es ist aus weicher, hochwertiger Seide mit handrollierten Säumen gefertigt. </p>
<p><strong>Mint condition</strong><br />
Dieses Hermès Carré &#8220;Plaza de Toros&#8221; ist in einem neuwertigen Zustand.  </p>
<p><strong>Dimensions (approx.):</strong> 90 * 90 cm</p>
<p><strong>Material:</strong> 100 % silk</p>
<p>The pictures represent the offered scarf. The picture rights are held by BASELLE.</p>
<p>Follow us on <a href="https://www.instagram.com/baselle_com/" rel="noopener noreferrer" target="_blank">Instagram</a> and get inspired. </p>

<table class="mlb-product-details">
<tbody>
<tr>
<td class="mlb-details-caption">Model</td>
<td class="mlb-details-value">Carré &#8220;Brides de Gala&#8221;&#8221;</td>
</tr>
<tr>
<td class="mlb-details-caption">Colour</td>
<td class="mlb-details-value">Hellblau, Weiß</td>
</tr>
<tr>
<td class="mlb-details-caption">Hardware</td>
<td class="mlb-details-value">&#8211;</td>
</tr>
<tr>
<td class="mlb-details-caption">Year</td>
<td class="mlb-details-value">&#8211;</td>
</tr>
<tr>
<td class="mlb-details-caption">Accessoires</td>
<td class="mlb-details-value">&#8211;</td>
</tr>
<tr>
<td class="mlb-details-caption">Condition</td>
<td class="mlb-details-value">Mint condition</td>
</tr>
</tbody>
</table>
