{"id":23717,"date":"2025-06-12T02:41:13","date_gmt":"2025-06-12T00:41:13","guid":{"rendered":"https:\/\/baselle.com\/?post_type=product&#038;p=23717"},"modified":"2025-07-27T12:14:40","modified_gmt":"2025-07-27T10:14:40","slug":"hermes-carre-grand-apparat-23717","status":"publish","type":"product","link":"https:\/\/baselle.com\/en\/product\/hermes-carre-grand-apparat-23717\/","title":{"rendered":"Herm\u00e8s Carr\u00e9 &#8220;Grand Apparat&#8221;"},"content":{"rendered":"<p><strong>Herm\u00e8s Carr\u00e9 &#8220;Grand Apparat&#8221; Beschreibung<\/strong><\/p>\n<p>Dieses originale Herm\u00e8s Carr\u00e9 &#8220;Grand Apparat&#8221; ist ein zeitloses und klassisches Accessoire f\u00fcr jede Jahreszeit. Das Tuch kann sowohl um den Hals, als G\u00fcrtel wie auch als Accessoire an einer Handtasche getragen werden. Es ist aus weicher, hochwertiger Seide mit handrollierten S\u00e4umen gefertigt. <\/p>\n<p><strong>Mint condition<\/strong><br \/>\nDieses Herm\u00e8s Carr\u00e9 &#8220;Grand Apparat&#8221; ist ungetragen und daher in einem neuwertigen Zustand.  <\/p>\n<p><strong>Dimensions (approx.):<\/strong> 90 * 90 cm<\/p>\n<p><strong>Material:<\/strong> 100 % silk<\/p>\n<p>The pictures represent the offered scarf. The picture rights are held by BASELLE.<\/p>\n<p>Follow us on <a href=\"https:\/\/www.instagram.com\/baselle_com\/\" rel=\"noopener noreferrer\" target=\"_blank\">Instagram<\/a> and get inspired. <\/p>","protected":false},"excerpt":{"rendered":"<table class=\"mlb-product-details\">\n<tbody>\n<tr>\n<td class=\"mlb-details-caption\">Model<\/td>\n<td class=\"mlb-details-value\">Carr\u00e9 &#8220;Grand Apparat&#8221;<\/td>\n<\/tr>\n<tr>\n<td class=\"mlb-details-caption\">Colour<\/td>\n<td class=\"mlb-details-value\">Beige, Mehrfarbig<\/td>\n<\/tr>\n<tr>\n<td class=\"mlb-details-caption\">Hardware<\/td>\n<td class=\"mlb-details-value\">&#8211;<\/td>\n<\/tr>\n<tr>\n<td class=\"mlb-details-caption\">Year<\/td>\n<td class=\"mlb-details-value\">&#8211;<\/td>\n<\/tr>\n<tr>\n<td class=\"mlb-details-caption\">Accessoires<\/td>\n<td class=\"mlb-details-value\">&#8211;<\/td>\n<\/tr>\n<tr>\n<td class=\"mlb-details-caption\">Condition<\/td>\n<td class=\"mlb-details-value\">Mint condition<\/td>\n<\/tr>\n<\/tbody>\n<\/table>","protected":false},"featured_media":23718,"template":"","meta":[],"product_brand":[],"product_cat":[57,154,3671,70],"product_tag":[],"class_list":{"0":"post-23717","1":"product","2":"type-product","3":"status-publish","4":"has-post-thumbnail","6":"product_cat-accessories","7":"product_cat-designer","8":"product_cat-hermes","9":"product_cat-schalstuecher","10":"product_shipping_class-0-500","12":"first","13":"outofstock","14":"sold-individually","15":"shipping-taxable","16":"purchasable","17":"product-type-simple"},"_links":{"self":[{"href":"https:\/\/baselle.com\/en\/wp-json\/wp\/v2\/product\/23717","targetHints":{"allow":["GET"]}}],"collection":[{"href":"https:\/\/baselle.com\/en\/wp-json\/wp\/v2\/product"}],"about":[{"href":"https:\/\/baselle.com\/en\/wp-json\/wp\/v2\/types\/product"}],"wp:featuredmedia":[{"embeddable":true,"href":"https:\/\/baselle.com\/en\/wp-json\/wp\/v2\/media\/23718"}],"wp:attachment":[{"href":"https:\/\/baselle.com\/en\/wp-json\/wp\/v2\/media?parent=23717"}],"wp:term":[{"taxonomy":"product_brand","embeddable":true,"href":"https:\/\/baselle.com\/en\/wp-json\/wp\/v2\/product_brand?post=23717"},{"taxonomy":"product_cat","embeddable":true,"href":"https:\/\/baselle.com\/en\/wp-json\/wp\/v2\/product_cat?post=23717"},{"taxonomy":"product_tag","embeddable":true,"href":"https:\/\/baselle.com\/en\/wp-json\/wp\/v2\/product_tag?post=23717"}],"curies":[{"name":"wp","href":"https:\/\/api.w.org\/{rel}","templated":true}]}}

Hermès Carré &#8220;Grand Apparat&#8221;

<p><strong>Hermès Carré &#8220;Grand Apparat&#8221; Beschreibung</strong></p>
<p>Dieses originale Hermès Carré &#8220;Grand Apparat&#8221; ist ein zeitloses und klassisches Accessoire für jede Jahreszeit. Das Tuch kann sowohl um den Hals, als Gürtel wie auch als Accessoire an einer Handtasche getragen werden. Es ist aus weicher, hochwertiger Seide mit handrollierten Säumen gefertigt. </p>
<p><strong>Mint condition</strong><br />
Dieses Hermès Carré &#8220;Grand Apparat&#8221; ist ungetragen und daher in einem neuwertigen Zustand.  </p>
<p><strong>Dimensions (approx.):</strong> 90 * 90 cm</p>
<p><strong>Material:</strong> 100 % silk</p>
<p>The pictures represent the offered scarf. The picture rights are held by BASELLE.</p>
<p>Follow us on <a href="https://www.instagram.com/baselle_com/" rel="noopener noreferrer" target="_blank">Instagram</a> and get inspired. </p>

<table class="mlb-product-details">
<tbody>
<tr>
<td class="mlb-details-caption">Model</td>
<td class="mlb-details-value">Carré &#8220;Grand Apparat&#8221;</td>
</tr>
<tr>
<td class="mlb-details-caption">Colour</td>
<td class="mlb-details-value">Beige, Mehrfarbig</td>
</tr>
<tr>
<td class="mlb-details-caption">Hardware</td>
<td class="mlb-details-value">&#8211;</td>
</tr>
<tr>
<td class="mlb-details-caption">Year</td>
<td class="mlb-details-value">&#8211;</td>
</tr>
<tr>
<td class="mlb-details-caption">Accessoires</td>
<td class="mlb-details-value">&#8211;</td>
</tr>
<tr>
<td class="mlb-details-caption">Condition</td>
<td class="mlb-details-value">Mint condition</td>
</tr>
</tbody>
</table>
