{"id":22274,"date":"2024-09-28T22:30:24","date_gmt":"2024-09-28T20:30:24","guid":{"rendered":"https:\/\/baselle.com\/?post_type=product&#038;p=22274"},"modified":"2025-05-25T01:54:04","modified_gmt":"2025-05-24T23:54:04","slug":"hermes-carre-du-bolduc-22274","status":"publish","type":"product","link":"https:\/\/baselle.com\/en\/product\/hermes-carre-du-bolduc-22274\/","title":{"rendered":"Herm\u00e8s &#8220;Carr\u00e9 du Bolduc&#8221;"},"content":{"rendered":"<p><strong>Herm\u00e8s \u201cCarr\u00e9 du Bolduc\u201d<\/strong><\/p>\n<p>This authentic Herm\u00e8s \u201cCarr\u00e9 du Bolduc\u201d is a timeless and classic accessory for every season. The scarf can be worn around the neck, as a belt or as an accessory on a handbag. It is made from soft, high-quality silk with hand-rolled hems. <\/p>\n<p><strong>Mint condition<\/strong><br \/>\nThis Herm\u00e8s \u201cCarr\u00e9 du Bolduc\u201d is unworn and therefore in mint condition.  <\/p>\n<p><strong>Dimensions (approx.):<\/strong> 90 * 90 cm<\/p>\n<p><strong>Material:<\/strong> 100 % silk<\/p>\n<p>The pictures represent the offered Carr\u00e9. The picture rights are held by BASELLE.com.<\/p>\n<p>Follow us on <a href=\"https:\/\/www.instagram.com\/baselle_com\/\" rel=\"noopener noreferrer\" target=\"_blank\">Instagram<\/a> and get inspired. <\/p>","protected":false},"excerpt":{"rendered":"<table class=\"mlb-product-details\">\n<tbody>\n<tr>\n<td class=\"mlb-details-caption\">Model<\/td>\n<td class=\"mlb-details-value\">&#8220;Carr\u00e9 du Bolduc&#8221;<\/td>\n<\/tr>\n<tr>\n<td class=\"mlb-details-caption\">Colour<\/td>\n<td class=\"mlb-details-value\">White, mulitcolor<\/td>\n<\/tr>\n<tr>\n<td class=\"mlb-details-caption\">Hardware<\/td>\n<td class=\"mlb-details-value\">&#8211;<\/td>\n<\/tr>\n<tr>\n<td class=\"mlb-details-caption\">Year<\/td>\n<td class=\"mlb-details-value\">&#8211;<\/td>\n<\/tr>\n<tr>\n<td class=\"mlb-details-caption\">Accessoires<\/td>\n<td class=\"mlb-details-value\">&#8211;<\/td>\n<\/tr>\n<tr>\n<td class=\"mlb-details-caption\">Condition<\/td>\n<td class=\"mlb-details-value\">Mint condition<\/td>\n<\/tr>\n<\/tbody>\n<\/table>","protected":false},"featured_media":22275,"template":"","meta":[],"product_brand":[],"product_cat":[57,154,3671,70],"product_tag":[],"class_list":{"0":"post-22274","1":"product","2":"type-product","3":"status-publish","4":"has-post-thumbnail","6":"product_cat-accessories","7":"product_cat-designer","8":"product_cat-hermes","9":"product_cat-schalstuecher","10":"product_shipping_class-0-500","12":"first","13":"outofstock","14":"sold-individually","15":"shipping-taxable","16":"purchasable","17":"product-type-simple"},"_links":{"self":[{"href":"https:\/\/baselle.com\/en\/wp-json\/wp\/v2\/product\/22274","targetHints":{"allow":["GET"]}}],"collection":[{"href":"https:\/\/baselle.com\/en\/wp-json\/wp\/v2\/product"}],"about":[{"href":"https:\/\/baselle.com\/en\/wp-json\/wp\/v2\/types\/product"}],"wp:featuredmedia":[{"embeddable":true,"href":"https:\/\/baselle.com\/en\/wp-json\/wp\/v2\/media\/22275"}],"wp:attachment":[{"href":"https:\/\/baselle.com\/en\/wp-json\/wp\/v2\/media?parent=22274"}],"wp:term":[{"taxonomy":"product_brand","embeddable":true,"href":"https:\/\/baselle.com\/en\/wp-json\/wp\/v2\/product_brand?post=22274"},{"taxonomy":"product_cat","embeddable":true,"href":"https:\/\/baselle.com\/en\/wp-json\/wp\/v2\/product_cat?post=22274"},{"taxonomy":"product_tag","embeddable":true,"href":"https:\/\/baselle.com\/en\/wp-json\/wp\/v2\/product_tag?post=22274"}],"curies":[{"name":"wp","href":"https:\/\/api.w.org\/{rel}","templated":true}]}}

Hermès &#8220;Carré du Bolduc&#8221;

<p><strong>Hermès “Carré du Bolduc”</strong></p>
<p>This authentic Hermès “Carré du Bolduc” is a timeless and classic accessory for every season. The scarf can be worn around the neck, as a belt or as an accessory on a handbag. It is made from soft, high-quality silk with hand-rolled hems. </p>
<p><strong>Mint condition</strong><br />
This Hermès “Carré du Bolduc” is unworn and therefore in mint condition.  </p>
<p><strong>Dimensions (approx.):</strong> 90 * 90 cm</p>
<p><strong>Material:</strong> 100 % silk</p>
<p>The pictures represent the offered Carré. The picture rights are held by BASELLE.com.</p>
<p>Follow us on <a href="https://www.instagram.com/baselle_com/" rel="noopener noreferrer" target="_blank">Instagram</a> and get inspired. </p>

<table class="mlb-product-details">
<tbody>
<tr>
<td class="mlb-details-caption">Model</td>
<td class="mlb-details-value">&#8220;Carré du Bolduc&#8221;</td>
</tr>
<tr>
<td class="mlb-details-caption">Colour</td>
<td class="mlb-details-value">White, mulitcolor</td>
</tr>
<tr>
<td class="mlb-details-caption">Hardware</td>
<td class="mlb-details-value">&#8211;</td>
</tr>
<tr>
<td class="mlb-details-caption">Year</td>
<td class="mlb-details-value">&#8211;</td>
</tr>
<tr>
<td class="mlb-details-caption">Accessoires</td>
<td class="mlb-details-value">&#8211;</td>
</tr>
<tr>
<td class="mlb-details-caption">Condition</td>
<td class="mlb-details-value">Mint condition</td>
</tr>
</tbody>
</table>
