{"id":17762,"date":"2023-04-11T21:16:38","date_gmt":"2023-04-11T19:16:38","guid":{"rendered":"https:\/\/baselle.com\/?post_type=product&#038;p=17762"},"modified":"2024-05-22T00:50:15","modified_gmt":"2024-05-21T22:50:15","slug":"louis-vuitton-pochette-felicie-spring-in-the-city-17762","status":"publish","type":"product","link":"https:\/\/baselle.com\/en\/product\/louis-vuitton-pochette-felicie-spring-in-the-city-17762\/","title":{"rendered":"Louis Vuitton Pochette F\u00e9licie"},"content":{"rendered":"<p>\n<strong>Louis Vuitton Pochette F\u00e9licie Spring in the City Empreinte Leder Handtasche Beschreibung<\/strong><\/p>\n<p>Diese originale Louis Vuitton Pochette F\u00e9licie Spring in the City Empreinte Leder Handtasche ist ein vielseitiges T\u00e4schchen f\u00fcr die moderne Frau. Sie ist aus genarbtem Rindsleder gefertigt und verf\u00fcgt \u00fcber eine eckige Silhouette sowie goldfarbene Hardware-Akzente. Die abnehmbare goldfarbene Kette garantiert maximalen Tragekomfort im Alltag. Die Klappe mit Druckknopfverschluss \u00f6ffnet sich zu einem rosa-farbigen Mikrofaserinnenfutter mit zwei herausnehmbaren Innenf\u00e4chern.\n<\/p>\n<p>\n<strong>Mint condition<\/strong><br \/>\nDiese Louis Vuitton Pochette M\u00e9tis F\u00e9licie Spring in the City Empreinte Leder Handtasche ist ungetragen. Dementsprechend ist sie in einem neuwertigen Zustand ohne Gebrauchspuren. \n<\/p>\n<p>\n<strong>Style:<\/strong> Shoulder bag, clutch, crossbody<br \/>\n<strong>Size:<\/strong> NM<br \/>\n<strong>Dimensions (approx.):<\/strong> width 21 cm * height 12 cm * depth 3 cm\n<\/p>\n<p>\n<strong>Exterior material:<\/strong> Monogram Empreinte Leather<br \/>\n<strong>Interior Material<\/strong> microfibre lining\n<\/p>\n<p>The pictures represent the offered bag. The picture rights are held by MyLovelyBoutique.com. <\/p>\n<p>Follow us on <a href=\"https:\/\/www.instagram.com\/mylovelyboutique.de\/\" rel=\"noopener noreferrer\" target=\"_blank\"><span style=\"color: #96588a;\">Instagram<\/span><\/a> and get inspired. <\/p>","protected":false},"excerpt":{"rendered":"<table class=\"mlb-product-details\">\n<tbody>\n<tr>\n<td class=\"mlb-details-caption\">Model<\/td>\n<td class=\"mlb-details-value\">Pochette F\u00e9licie Spring in the City<\/td>\n<\/tr>\n<tr>\n<td class=\"mlb-details-caption\">Colour<\/td>\n<td class=\"mlb-details-value\">Rosa, Gelb, Beige<\/td>\n<\/tr>\n<tr>\n<td class=\"mlb-details-caption\">Hardware<\/td>\n<td class=\"mlb-details-value\">Gold<\/td>\n<\/tr>\n<tr>\n<td class=\"mlb-details-caption\">Year<\/td>\n<td class=\"mlb-details-value\">2022<\/td>\n<\/tr>\n<tr>\n<td class=\"mlb-details-caption\">Accessoires<\/td>\n<td class=\"mlb-details-value\">LV-Rechnung, Box, Staubbeutel, abnehmbare Tragekette, LV-Materialinfo<\/td>\n<\/tr>\n<tr>\n<td class=\"mlb-details-caption\">Condition<\/td>\n<td class=\"mlb-details-value\">Mint condition<\/td>\n<\/tr>\n<\/tbody>\n<\/table>","protected":false},"featured_media":17763,"template":"","meta":[],"product_brand":[],"product_cat":[87,154,68,86,1431,85,99],"product_tag":[],"class_list":{"0":"post-17762","1":"product","2":"type-product","3":"status-publish","4":"has-post-thumbnail","6":"product_cat-crossbodytaschen","7":"product_cat-designer","8":"product_cat-handtaschen","9":"product_cat-kleinetaschen","10":"product_cat-louisvuitton","11":"product_cat-schultertaschen","12":"product_cat-taschen","13":"product_shipping_class-bis2500","15":"first","16":"outofstock","17":"sold-individually","18":"shipping-taxable","19":"purchasable","20":"product-type-simple"},"_links":{"self":[{"href":"https:\/\/baselle.com\/en\/wp-json\/wp\/v2\/product\/17762","targetHints":{"allow":["GET"]}}],"collection":[{"href":"https:\/\/baselle.com\/en\/wp-json\/wp\/v2\/product"}],"about":[{"href":"https:\/\/baselle.com\/en\/wp-json\/wp\/v2\/types\/product"}],"wp:featuredmedia":[{"embeddable":true,"href":"https:\/\/baselle.com\/en\/wp-json\/wp\/v2\/media\/17763"}],"wp:attachment":[{"href":"https:\/\/baselle.com\/en\/wp-json\/wp\/v2\/media?parent=17762"}],"wp:term":[{"taxonomy":"product_brand","embeddable":true,"href":"https:\/\/baselle.com\/en\/wp-json\/wp\/v2\/product_brand?post=17762"},{"taxonomy":"product_cat","embeddable":true,"href":"https:\/\/baselle.com\/en\/wp-json\/wp\/v2\/product_cat?post=17762"},{"taxonomy":"product_tag","embeddable":true,"href":"https:\/\/baselle.com\/en\/wp-json\/wp\/v2\/product_tag?post=17762"}],"curies":[{"name":"wp","href":"https:\/\/api.w.org\/{rel}","templated":true}]}}

Louis Vuitton Pochette Félicie

<p>
<strong>Louis Vuitton Pochette Félicie Spring in the City Empreinte Leder Handtasche Beschreibung</strong></p>
<p>Diese originale Louis Vuitton Pochette Félicie Spring in the City Empreinte Leder Handtasche ist ein vielseitiges Täschchen für die moderne Frau. Sie ist aus genarbtem Rindsleder gefertigt und verfügt über eine eckige Silhouette sowie goldfarbene Hardware-Akzente. Die abnehmbare goldfarbene Kette garantiert maximalen Tragekomfort im Alltag. Die Klappe mit Druckknopfverschluss öffnet sich zu einem rosa-farbigen Mikrofaserinnenfutter mit zwei herausnehmbaren Innenfächern.
</p>
<p>
<strong>Mint condition</strong><br />
Diese Louis Vuitton Pochette Métis Félicie Spring in the City Empreinte Leder Handtasche ist ungetragen. Dementsprechend ist sie in einem neuwertigen Zustand ohne Gebrauchspuren. 
</p>
<p>
<strong>Style:</strong> Shoulder bag, clutch, crossbody<br />
<strong>Size:</strong> NM<br />
<strong>Dimensions (approx.):</strong> width 21 cm * height 12 cm * depth 3 cm
</p>
<p>
<strong>Exterior material:</strong> Monogram Empreinte Leather<br />
<strong>Interior Material</strong> microfibre lining
</p>
<p>The pictures represent the offered bag. The picture rights are held by MyLovelyBoutique.com. </p>
<p>Follow us on <a href="https://www.instagram.com/mylovelyboutique.de/" rel="noopener noreferrer" target="_blank"><span style="color: #96588a;">Instagram</span></a> and get inspired. </p>

<table class="mlb-product-details">
<tbody>
<tr>
<td class="mlb-details-caption">Model</td>
<td class="mlb-details-value">Pochette Félicie Spring in the City</td>
</tr>
<tr>
<td class="mlb-details-caption">Colour</td>
<td class="mlb-details-value">Rosa, Gelb, Beige</td>
</tr>
<tr>
<td class="mlb-details-caption">Hardware</td>
<td class="mlb-details-value">Gold</td>
</tr>
<tr>
<td class="mlb-details-caption">Year</td>
<td class="mlb-details-value">2022</td>
</tr>
<tr>
<td class="mlb-details-caption">Accessoires</td>
<td class="mlb-details-value">LV-Rechnung, Box, Staubbeutel, abnehmbare Tragekette, LV-Materialinfo</td>
</tr>
<tr>
<td class="mlb-details-caption">Condition</td>
<td class="mlb-details-value">Mint condition</td>
</tr>
</tbody>
</table>
