{"id":14876,"date":"2021-06-22T21:48:19","date_gmt":"2021-06-22T19:48:19","guid":{"rendered":"https:\/\/baselle.com\/?post_type=product&#038;p=14876"},"modified":"2021-07-19T10:57:05","modified_gmt":"2021-07-19T08:57:05","slug":"louis-vuitton-mini-pochette-accessoires-vivienne-14876","status":"publish","type":"product","link":"https:\/\/baselle.com\/en\/product\/louis-vuitton-mini-pochette-accessoires-vivienne-14876\/","title":{"rendered":"Louis Vuitton Mini Pochette"},"content":{"rendered":"<p>\n<strong>Louis Vuitton Mini Pochette Accessoires Vivienne Beschreibung<\/strong> <\/p>\n<p>Diese originale Louis Vuitton Mini Pochette Accessoires Vivienne ist ein streng limitiertes Modell aus dem Jahr 2019. Sie bietet Platz f\u00fcr alles Wesentliche wie Cardholder, Kleingeld und Schl\u00fcssel und kann sowohl als Mini-Handtasche an der Hand sowie als Ordnungshelfer f\u00fcr gr\u00f6\u00dfere Handtasche verwendet werden. Durch den praktischen Rei\u00dfverschluss l\u00e4sst sich die Mini Pochette komplett verschlie\u00dfen.\n<\/p>\n<p>\n<strong>Mint condition<\/strong><br \/>\nDiese Louis Vuitton Mini Pochette Accessoires Vivienne aus zweiter Hand ist ungetragen und daher in einem neuwertigen Zustand. Das beschichtete Canvas sowie das Innenfutter sind daher in einem einwandfreien Zustand.\n<\/p>\n<p>\n<strong>Pochettegr\u00f6\u00dfe:<\/strong>  Mini<br \/>\n<strong>Dimensions (approx.):<\/strong> Breite 15,5 cm * H\u00f6he 10,5 cm * Tiefe 4 cm\n<\/p>\n<p>\n<strong>Exterior material:<\/strong> Coatet canvas<br \/>\n<strong>Interior Material<\/strong> fabric lining\n<\/p>\n<p>Die Bilder stellen die angebotene Mini Pochette Accessoires dar und sind Eigentum von MyLovelyBoutique.com. <\/p>\n<p>Follow us on <a href=\"https:\/\/www.instagram.com\/mylovelyboutique.de\/\" rel=\"noopener noreferrer\" target=\"_blank\"><span style=\"color: #96588a;\">Instagram<\/span><\/a> and get inspired. <\/p>","protected":false},"excerpt":{"rendered":"<table class=\"mlb-product-details\">\n<tbody>\n<tr>\n<td class=\"mlb-details-caption\">Model<\/td>\n<td class=\"mlb-details-value\">Mini Pochette Accessoires Vivienne<\/td>\n<\/tr>\n<tr>\n<td class=\"mlb-details-caption\">Colour<\/td>\n<td class=\"mlb-details-value\">Braun, Bunt<\/td>\n<\/tr>\n<tr>\n<td class=\"mlb-details-caption\">Hardware<\/td>\n<td class=\"mlb-details-value\">Gold<\/td>\n<\/tr>\n<tr>\n<td class=\"mlb-details-caption\">Year<\/td>\n<td class=\"mlb-details-value\">2019<\/td>\n<\/tr>\n<tr>\n<td class=\"mlb-details-caption\">Accessoires<\/td>\n<td class=\"mlb-details-value\">Invoice, box, dustbag<\/td>\n<\/tr>\n<tr>\n<td class=\"mlb-details-caption\">Condition<\/td>\n<td class=\"mlb-details-value\">Mint condition<\/td>\n<\/tr>\n<\/tbody>\n<\/table>","protected":false},"featured_media":14879,"template":"","meta":[],"product_brand":[],"product_cat":[57,154,86,90,1431,99],"product_tag":[],"class_list":{"0":"post-14876","1":"product","2":"type-product","3":"status-publish","4":"has-post-thumbnail","6":"product_cat-accessories","7":"product_cat-designer","8":"product_cat-kleinetaschen","9":"product_cat-kleinlederwaren","10":"product_cat-louisvuitton","11":"product_cat-taschen","12":"product_shipping_class-0-500","14":"first","15":"outofstock","16":"sold-individually","17":"shipping-taxable","18":"purchasable","19":"product-type-simple"},"_links":{"self":[{"href":"https:\/\/baselle.com\/en\/wp-json\/wp\/v2\/product\/14876","targetHints":{"allow":["GET"]}}],"collection":[{"href":"https:\/\/baselle.com\/en\/wp-json\/wp\/v2\/product"}],"about":[{"href":"https:\/\/baselle.com\/en\/wp-json\/wp\/v2\/types\/product"}],"wp:featuredmedia":[{"embeddable":true,"href":"https:\/\/baselle.com\/en\/wp-json\/wp\/v2\/media\/14879"}],"wp:attachment":[{"href":"https:\/\/baselle.com\/en\/wp-json\/wp\/v2\/media?parent=14876"}],"wp:term":[{"taxonomy":"product_brand","embeddable":true,"href":"https:\/\/baselle.com\/en\/wp-json\/wp\/v2\/product_brand?post=14876"},{"taxonomy":"product_cat","embeddable":true,"href":"https:\/\/baselle.com\/en\/wp-json\/wp\/v2\/product_cat?post=14876"},{"taxonomy":"product_tag","embeddable":true,"href":"https:\/\/baselle.com\/en\/wp-json\/wp\/v2\/product_tag?post=14876"}],"curies":[{"name":"wp","href":"https:\/\/api.w.org\/{rel}","templated":true}]}}

<p>
<strong>Louis Vuitton Mini Pochette Accessoires Vivienne Beschreibung</strong> </p>
<p>Diese originale Louis Vuitton Mini Pochette Accessoires Vivienne ist ein streng limitiertes Modell aus dem Jahr 2019. Sie bietet Platz für alles Wesentliche wie Cardholder, Kleingeld und Schlüssel und kann sowohl als Mini-Handtasche an der Hand sowie als Ordnungshelfer für größere Handtasche verwendet werden. Durch den praktischen Reißverschluss lässt sich die Mini Pochette komplett verschließen.
</p>
<p>
<strong>Mint condition</strong><br />
Diese Louis Vuitton Mini Pochette Accessoires Vivienne aus zweiter Hand ist ungetragen und daher in einem neuwertigen Zustand. Das beschichtete Canvas sowie das Innenfutter sind daher in einem einwandfreien Zustand.
</p>
<p>
<strong>Pochettegröße:</strong>  Mini<br />
<strong>Dimensions (approx.):</strong> Breite 15,5 cm * Höhe 10,5 cm * Tiefe 4 cm
</p>
<p>
<strong>Exterior material:</strong> Coatet canvas<br />
<strong>Interior Material</strong> fabric lining
</p>
<p>Die Bilder stellen die angebotene Mini Pochette Accessoires dar und sind Eigentum von MyLovelyBoutique.com. </p>
<p>Follow us on <a href="https://www.instagram.com/mylovelyboutique.de/" rel="noopener noreferrer" target="_blank"><span style="color: #96588a;">Instagram</span></a> and get inspired. </p>
