{"id":13340,"date":"2020-07-27T15:44:21","date_gmt":"2020-07-27T13:44:21","guid":{"rendered":"https:\/\/baselle.com\/?post_type=product&#038;p=13340"},"modified":"2020-08-11T13:11:48","modified_gmt":"2020-08-11T11:11:48","slug":"chanel-2-55-reissue-medium-double-flap-bag-hybrid-13340","status":"publish","type":"product","link":"https:\/\/baselle.com\/en\/product\/chanel-2-55-reissue-medium-double-flap-bag-hybrid-13340\/","title":{"rendered":"Chanel 2.55 Reissue"},"content":{"rendered":"<p>\n<strong>CHANEL 2.55 Reissue Hybrid Double Flap Bag Handtasche Beschreibung<\/strong><\/p>\n<p>Diese originale CHANEL 2.55 Reissue Hybrid Double Flap Bag Handtasche vereint den typisch zeitlosen Stil zweier CHANEL Klassiker. Das Design setzt sich aus klassisch gewebten Kettenriemen sowie einem Mademoiselle-Turnlock-Verschluss der 2.55 Handtasche zusammen. In ihrer mittleren Gr\u00f6\u00dfe eignet sie sich perfekt als Everyday-Bag, denn sie bietet genug Platz f\u00fcr Portemonnaie, Schl\u00fcssel, Smartphone und Kosmetik. Die Reissue Bag ist aus gestepptem Lammleder gefertigt und verf\u00fcgt \u00fcber silberfarbene Hardware-Akzente mit Ruthenium-Finish.<\/p>\n<p>Der Mademoiselle-Turnlock-Verschluss und die Klappe mit Druckknopfverschluss \u00f6ffnen sich zu einem schwarzen Lederfutter, aufgeteilt in ein Hauptfach, zwei Steckf\u00e4cher und ein vorne aufgesetztes Steckfach. Des weiteren befindet sich unter der Lasche ein kleines Rei\u00dfverschlussfach und am Taschenr\u00fccken ein aufgesetztes Steckfach. Die Double Flap Bag kann kurz oder lang \u00fcber der Schulter getragen werden, so dass maximaler Tragekomfort garantiert ist. Eine komfortable und schlichte Handtasche, die Chanels klassisches Design verk\u00f6rpert.\n<\/p>\n<p>\n<strong>Very good condition:<\/strong><br \/>\nDiese CHANEL 2.55 Reissue Hybrid Double Flap Bag Handtasche aus zweiter Hand ist insgesamt in einem sehr guten Zustand. Die Tasche wurde gerne und stets mit Sorgfalt getragen. Das weiche Lammleder ist durch das regelm\u00e4\u00dfige Tragen an den Seiten des \u00dcberschlags ein wenig faltig geworden. Das Tascheninnere ist sauber und weist keine L\u00f6cher\/Risse auf.\n<\/p>\n<p>\n<strong>Style:<\/strong> Shoulder bag, clutch, crossbody<br \/>\n<strong>Size:<\/strong> Medium<br \/>\n<strong>Dimensions (approx.):<\/strong> Breite 25 cm * H\u00f6he 15 cm * Tiefe 6,5 cm<br \/>\n<strong>Shoulder chain:<\/strong> einfach = 95 cm; doppelt = 55 cm\n<\/p>\n<p>\n<strong>Exterior material:<\/strong> Lambskin leather<br \/>\n<strong>Interior Material<\/strong> leather\n<\/p>\n<p>The pictures represent the offered bag. The picture rights are held by MyLovelyBoutique.com. <\/p>\n<p>Follow us on <a href=\"https:\/\/www.instagram.com\/mylovelyboutique.de\/\" rel=\"noopener noreferrer\" target=\"_blank\"><span style=\"color: #96588a;\">Instagram<\/span><\/a> and get inspired. <\/p>","protected":false},"excerpt":{"rendered":"<br \/>\n<table class=\"mlb-product-details\">\n<tbody>\n<tr>\n<td class=\"mlb-details-caption\">Model<\/td>\n<td class=\"mlb-details-value\">2.55 Reissue Hybrid Double Flap Bag<\/td>\n<\/tr>\n<tr>\n<td class=\"mlb-details-caption\">Colour<\/td>\n<td class=\"mlb-details-value\">Black<\/td>\n<\/tr>\n<tr>\n<td class=\"mlb-details-caption\">Hardware<\/td>\n<td class=\"mlb-details-value\">Silver with ruthenium finish<\/td>\n<\/tr>\n<tr>\n<td class=\"mlb-details-caption\">Year<\/td>\n<td class=\"mlb-details-value\">2008<\/td>\n<\/tr>\n<tr>\n<td class=\"mlb-details-caption\">Accessoires<\/td>\n<td class=\"mlb-details-value\">Staubbeutel, CC-Booklet, Seriennummer mit Hologramm<\/td>\n<\/tr>\n<tr>\n<td class=\"mlb-details-caption\">Condition<\/td>\n<td class=\"mlb-details-value\">Very good condition<\/td>\n<\/tr>\n<\/tbody>\n<\/table>","protected":false},"featured_media":13345,"template":"","meta":[],"product_brand":[],"product_cat":[1430,87,154,85,99],"product_tag":[],"class_list":{"0":"post-13340","1":"product","2":"type-product","3":"status-publish","4":"has-post-thumbnail","6":"product_cat-chanel","7":"product_cat-crossbodytaschen","8":"product_cat-designer","9":"product_cat-schultertaschen","10":"product_cat-taschen","12":"first","13":"outofstock","14":"sold-individually","15":"shipping-taxable","16":"purchasable","17":"product-type-simple"},"_links":{"self":[{"href":"https:\/\/baselle.com\/en\/wp-json\/wp\/v2\/product\/13340","targetHints":{"allow":["GET"]}}],"collection":[{"href":"https:\/\/baselle.com\/en\/wp-json\/wp\/v2\/product"}],"about":[{"href":"https:\/\/baselle.com\/en\/wp-json\/wp\/v2\/types\/product"}],"wp:featuredmedia":[{"embeddable":true,"href":"https:\/\/baselle.com\/en\/wp-json\/wp\/v2\/media\/13345"}],"wp:attachment":[{"href":"https:\/\/baselle.com\/en\/wp-json\/wp\/v2\/media?parent=13340"}],"wp:term":[{"taxonomy":"product_brand","embeddable":true,"href":"https:\/\/baselle.com\/en\/wp-json\/wp\/v2\/product_brand?post=13340"},{"taxonomy":"product_cat","embeddable":true,"href":"https:\/\/baselle.com\/en\/wp-json\/wp\/v2\/product_cat?post=13340"},{"taxonomy":"product_tag","embeddable":true,"href":"https:\/\/baselle.com\/en\/wp-json\/wp\/v2\/product_tag?post=13340"}],"curies":[{"name":"wp","href":"https:\/\/api.w.org\/{rel}","templated":true}]}}

<p>
<strong>CHANEL 2.55 Reissue Hybrid Double Flap Bag Handtasche Beschreibung</strong></p>
<p>Diese originale CHANEL 2.55 Reissue Hybrid Double Flap Bag Handtasche vereint den typisch zeitlosen Stil zweier CHANEL Klassiker. Das Design setzt sich aus klassisch gewebten Kettenriemen sowie einem Mademoiselle-Turnlock-Verschluss der 2.55 Handtasche zusammen. In ihrer mittleren Größe eignet sie sich perfekt als Everyday-Bag, denn sie bietet genug Platz für Portemonnaie, Schlüssel, Smartphone und Kosmetik. Die Reissue Bag ist aus gestepptem Lammleder gefertigt und verfügt über silberfarbene Hardware-Akzente mit Ruthenium-Finish.</p>
<p>Der Mademoiselle-Turnlock-Verschluss und die Klappe mit Druckknopfverschluss öffnen sich zu einem schwarzen Lederfutter, aufgeteilt in ein Hauptfach, zwei Steckfächer und ein vorne aufgesetztes Steckfach. Des weiteren befindet sich unter der Lasche ein kleines Reißverschlussfach und am Taschenrücken ein aufgesetztes Steckfach. Die Double Flap Bag kann kurz oder lang über der Schulter getragen werden, so dass maximaler Tragekomfort garantiert ist. Eine komfortable und schlichte Handtasche, die Chanels klassisches Design verkörpert.
</p>
<p>
<strong>Very good condition:</strong><br />
Diese CHANEL 2.55 Reissue Hybrid Double Flap Bag Handtasche aus zweiter Hand ist insgesamt in einem sehr guten Zustand. Die Tasche wurde gerne und stets mit Sorgfalt getragen. Das weiche Lammleder ist durch das regelmäßige Tragen an den Seiten des Überschlags ein wenig faltig geworden. Das Tascheninnere ist sauber und weist keine Löcher/Risse auf.
</p>
<p>
<strong>Style:</strong> Shoulder bag, clutch, crossbody<br />
<strong>Size:</strong> Medium<br />
<strong>Dimensions (approx.):</strong> Breite 25 cm * Höhe 15 cm * Tiefe 6,5 cm<br />
<strong>Shoulder chain:</strong> einfach = 95 cm; doppelt = 55 cm
</p>
<p>
<strong>Exterior material:</strong> Lambskin leather<br />
<strong>Interior Material</strong> leather
</p>
<p>The pictures represent the offered bag. The picture rights are held by MyLovelyBoutique.com. </p>
<p>Follow us on <a href="https://www.instagram.com/mylovelyboutique.de/" rel="noopener noreferrer" target="_blank"><span style="color: #96588a;">Instagram</span></a> and get inspired. </p>
