{"id":13201,"date":"2020-07-03T11:58:03","date_gmt":"2020-07-03T09:58:03","guid":{"rendered":"https:\/\/baselle.com\/?post_type=product&#038;p=13201"},"modified":"2024-09-08T09:39:36","modified_gmt":"2024-09-08T07:39:36","slug":"louis-vuitton-sevigne-pm-epi-leder-fuchsia-13201","status":"publish","type":"product","link":"https:\/\/baselle.com\/en\/product\/louis-vuitton-sevigne-pm-epi-leder-fuchsia-13201\/","title":{"rendered":"Louis Vuitton Sevigne PM"},"content":{"rendered":"<p>\n<strong>Louis Vuitton Sevigne PM Epi Leder Handtasche Beschreibung<\/strong> <\/p>\n<p>Diese originale Louis Vuitton Sevigne PM Epi Leder Handtasche ist ein kompaktes und elegantes Modell f\u00fcr die stilbewusste Frau. Diese strukturierte Handtasche ist aus robustem Epi-Leder gefertigt und verf\u00fcgt \u00fcber eine eckige Silhouette. Weitere Merkmale dieses Modells sind das dezent eingestanzte LV-Logo, silberfarbene Hardware sowie ein stilvoller Griff. Zudem garantiert der abnehmbare Schultergurt maximalen Tragekomfort im Alltag. <\/p>\n<p>Der Drehverschluss mit Louis Vuitton Signatur \u00f6ffnet sich zu einem Ton-in-Ton Innenfutter aus Mikrofaser. Das Tascheninnere umfasst ein mittleres Rei\u00dfverschlussfach und zwei Hauptf\u00e4cher f\u00fcr die Aufbewahrung von Dingen des t\u00e4glichen Bedarfs. Diese wundersch\u00f6ne Schultertasche ist ein elegantes Lieblingsst\u00fcck f\u00fcr untertags und abends.\n<\/p>\n<p>\n<strong>Excellent condition<\/strong><br \/>\nDiese Louis Vuitton Sevigne PM Epi Leder Handtasche aus zweiter Hand ist insgesamt in einem hervorragenden Zustand. Sie wurde kaum getragen, weshalb das Epi Rindsleder in einem einwandfreien Zustand ist. Das Tascheninnere ist sauber, ohne Ger\u00fcche und weist keine L\u00f6cher\/Risse auf. Die silberfarbene Hardware ist ebenfalls in einem hervorragenden Zustand.\n<\/p>\n<p>\n<strong>Style:<\/strong> Shoulder bag, handbag<br \/>\n<strong>Size:<\/strong> PM<br \/>\n<strong>Dimensions (approx.):<\/strong> Breite 20,5 cm * H\u00f6he 16 cm * Tiefe 8 cm<br \/>\n<strong>Strap length (approx.):<\/strong> 82 cm\n<\/p>\n<p>\n<strong>Exterior material:<\/strong> Genarbtes Epi Rindsleder<br \/>\n<strong>Interior Material<\/strong> microfibre lining\n<\/p>\n<p>Die Bilder stellen die angebotene Tasche dar und sind Eigentum von MyLovelyBoutique. <\/p>\n<p>Follow us on <a href=\"https:\/\/www.instagram.com\/mylovelyboutique.de\/\" rel=\"noopener noreferrer\" target=\"_blank\"><span style=\"color: #96588a;\">Instagram<\/span><\/a> and get inspired. <\/p>","protected":false},"excerpt":{"rendered":"<table class=\"mlb-product-details\">\n<tbody>\n<tr>\n<td class=\"mlb-details-caption\">Model<\/td>\n<td class=\"mlb-details-value\">Sevigne PM Epi Leder<\/td>\n<\/tr>\n<tr>\n<td class=\"mlb-details-caption\">Colour<\/td>\n<td class=\"mlb-details-value\">Bordeaux<\/td>\n<\/tr>\n<tr>\n<td class=\"mlb-details-caption\">Hardware<\/td>\n<td class=\"mlb-details-value\">Silver<\/td>\n<\/tr>\n<tr>\n<td class=\"mlb-details-caption\">Year<\/td>\n<td class=\"mlb-details-value\">2012<\/td>\n<\/tr>\n<tr>\n<td class=\"mlb-details-caption\">Accessoires<\/td>\n<td class=\"mlb-details-value\">Dustbag, LV material info, removable shoulder strap<\/td>\n<\/tr>\n<tr>\n<td class=\"mlb-details-caption\">Condition<\/td>\n<td class=\"mlb-details-value\">Excellent condition<\/td>\n<\/tr>\n<\/tbody>\n<\/table>","protected":false},"featured_media":21626,"template":"","meta":[],"product_brand":[],"product_cat":[154,68,86,1431,85,99],"product_tag":[],"class_list":{"0":"post-13201","1":"product","2":"type-product","3":"status-publish","4":"has-post-thumbnail","6":"product_cat-designer","7":"product_cat-handtaschen","8":"product_cat-kleinetaschen","9":"product_cat-louisvuitton","10":"product_cat-schultertaschen","11":"product_cat-taschen","12":"product_shipping_class-bis1000","14":"first","15":"outofstock","16":"sold-individually","17":"shipping-taxable","18":"purchasable","19":"product-type-simple"},"_links":{"self":[{"href":"https:\/\/baselle.com\/en\/wp-json\/wp\/v2\/product\/13201","targetHints":{"allow":["GET"]}}],"collection":[{"href":"https:\/\/baselle.com\/en\/wp-json\/wp\/v2\/product"}],"about":[{"href":"https:\/\/baselle.com\/en\/wp-json\/wp\/v2\/types\/product"}],"wp:featuredmedia":[{"embeddable":true,"href":"https:\/\/baselle.com\/en\/wp-json\/wp\/v2\/media\/21626"}],"wp:attachment":[{"href":"https:\/\/baselle.com\/en\/wp-json\/wp\/v2\/media?parent=13201"}],"wp:term":[{"taxonomy":"product_brand","embeddable":true,"href":"https:\/\/baselle.com\/en\/wp-json\/wp\/v2\/product_brand?post=13201"},{"taxonomy":"product_cat","embeddable":true,"href":"https:\/\/baselle.com\/en\/wp-json\/wp\/v2\/product_cat?post=13201"},{"taxonomy":"product_tag","embeddable":true,"href":"https:\/\/baselle.com\/en\/wp-json\/wp\/v2\/product_tag?post=13201"}],"curies":[{"name":"wp","href":"https:\/\/api.w.org\/{rel}","templated":true}]}}

<p>
<strong>Louis Vuitton Sevigne PM Epi Leder Handtasche Beschreibung</strong> </p>
<p>Diese originale Louis Vuitton Sevigne PM Epi Leder Handtasche ist ein kompaktes und elegantes Modell für die stilbewusste Frau. Diese strukturierte Handtasche ist aus robustem Epi-Leder gefertigt und verfügt über eine eckige Silhouette. Weitere Merkmale dieses Modells sind das dezent eingestanzte LV-Logo, silberfarbene Hardware sowie ein stilvoller Griff. Zudem garantiert der abnehmbare Schultergurt maximalen Tragekomfort im Alltag. </p>
<p>Der Drehverschluss mit Louis Vuitton Signatur öffnet sich zu einem Ton-in-Ton Innenfutter aus Mikrofaser. Das Tascheninnere umfasst ein mittleres Reißverschlussfach und zwei Hauptfächer für die Aufbewahrung von Dingen des täglichen Bedarfs. Diese wunderschöne Schultertasche ist ein elegantes Lieblingsstück für untertags und abends.
</p>
<p>
<strong>Excellent condition</strong><br />
Diese Louis Vuitton Sevigne PM Epi Leder Handtasche aus zweiter Hand ist insgesamt in einem hervorragenden Zustand. Sie wurde kaum getragen, weshalb das Epi Rindsleder in einem einwandfreien Zustand ist. Das Tascheninnere ist sauber, ohne Gerüche und weist keine Löcher/Risse auf. Die silberfarbene Hardware ist ebenfalls in einem hervorragenden Zustand.
</p>
<p>
<strong>Style:</strong> Shoulder bag, handbag<br />
<strong>Size:</strong> PM<br />
<strong>Dimensions (approx.):</strong> Breite 20,5 cm * Höhe 16 cm * Tiefe 8 cm<br />
<strong>Strap length (approx.):</strong> 82 cm
</p>
<p>
<strong>Exterior material:</strong> Genarbtes Epi Rindsleder<br />
<strong>Interior Material</strong> microfibre lining
</p>
<p>Die Bilder stellen die angebotene Tasche dar und sind Eigentum von MyLovelyBoutique. </p>
<p>Follow us on <a href="https://www.instagram.com/mylovelyboutique.de/" rel="noopener noreferrer" target="_blank"><span style="color: #96588a;">Instagram</span></a> and get inspired. </p>
