{"id":10684,"date":"2019-09-19T15:19:15","date_gmt":"2019-09-19T13:19:15","guid":{"rendered":"https:\/\/baselle.com\/?post_type=product&#038;p=10684"},"modified":"2019-09-25T12:38:38","modified_gmt":"2019-09-25T10:38:38","slug":"10684","status":"publish","type":"product","link":"https:\/\/baselle.com\/en\/product\/10684\/","title":{"rendered":"CHANEL Timeless Flap Bag"},"content":{"rendered":"<p>\n<strong>CHANEL Timeless Lackleder Medium Flap Bag Handtasche Beschreibung<\/strong><\/p>\n<p>Die originale CHANEL Timeless Lackleder Medium Flap Bag Handtasche ist eine elegante, klassische Tasche im typisch zeitlosen Stil von Chanel. In ihrer mittleren Gr\u00f6\u00dfe eignet sie sich perfekt als Begleiter f\u00fcr untertags wie auch als Abendtasche &#8211; sie ist schlicht und dennoch ein absoluter Eyecatcher. Ein besonderes Detail ist bei diesem Modell die am Taschenboden aufgen\u00e4hte &#8220;CHANEL&#8221;-Signatur.  Die klassische Handtasche ist aus Kalbslackleder gefertigt und verf\u00fcgt \u00fcber gewebte Kettenriemen, einem CC-Turnlock und silberne Hardware-Akzente. <\/p>\n<p>Der CC-Turnlock-Verschluss \u00f6ffnet sich zu einem bordeauxfarbenen Innenfutter, aufgeteilt in ein Hauptfach, ein Steckfach und ein Rei\u00dfverschlussinnenfach. Des weiteren befindet sich am Taschenr\u00fccken ein aufgesetztes Steckfach. Die Medium Flap Bag kann kurz oder lang \u00fcber der Schulter getragen werden, so dass maximaler Tragekomfort garantiert ist. Eine komfortable und elegante Handtasche, die zu Chanels Klassikern im zeitlosen Stil z\u00e4hlt.\n<\/p>\n<p>\n<strong>Excellent condition<\/strong><br \/>\nDiese CHANEL Timeless Lackleder Medium Flap Bag Handtasche aus zweiter Hand ist insgesamt in einem hervorragenden Zustand. Das Kalbslackleder ist in einem einwandfreien Zustand, auch die Ecken lassen keinerlei Gebrauchspuren erkennen. Das Tascheninnere ist sauber, ohne Ger\u00fcche und weist keine L\u00f6cher\/Risse auf. Die silberfarbenen Hardware-Akzente sind ebenfalls in einem hervorragenden Zustand.\n<\/p>\n<p>\n<strong>Style:<\/strong> Shoulder Bag<br \/>\n<strong>Size:<\/strong> Medium<br \/>\n<strong>Dimensions (approx.):<\/strong> Breite 25,5 cm * H\u00f6he 15 cm * Tiefe 7 cm<br \/>\n<strong>Shoulder chain:<\/strong> einfach = 87 cm, doppelt = 52 cm\n<\/p>\n<p>\n<strong>Exterior material:<\/strong> Patent calfskin leather<br \/>\n<strong>Interior Material<\/strong> fabric lining\n<\/p>\n<p>The pictures represent the offered bag. The picture rights are held by MyLovelyBoutique.com. <\/p>\n<p>Follow us on <a href=\"https:\/\/www.instagram.com\/mylovelyboutique.de\/\" rel=\"noopener noreferrer\" target=\"_blank\"><span style=\"color: #e0adea\">Instagram<\/span><\/a> und lass Dich von unseren Outfit-Ideen inspirieren. <\/p>","protected":false},"excerpt":{"rendered":"<br \/>\n<table class=\"mlb-product-details\">\n<tbody>\n<tr>\n<td class=\"mlb-details-caption\">Model<\/td>\n<td class=\"mlb-details-value\">Timeless Lackleder Medium Flap Bag<\/td>\n<\/tr>\n<tr>\n<td class=\"mlb-details-caption\">Colour<\/td>\n<td class=\"mlb-details-value\">Black<\/td>\n<\/tr>\n<tr>\n<td class=\"mlb-details-caption\">Hardware<\/td>\n<td class=\"mlb-details-value\">Silver<\/td>\n<\/tr>\n<tr>\n<td class=\"mlb-details-caption\">Year<\/td>\n<td class=\"mlb-details-value\">2008<\/td>\n<\/tr>\n<tr>\n<td class=\"mlb-details-caption\">Accessoires<\/td>\n<td class=\"mlb-details-value\">Box, dustbag, serialnumber with hologram<\/td>\n<\/tr>\n<tr>\n<td class=\"mlb-details-caption\">Condition<\/td>\n<td class=\"mlb-details-value\">Excellent condition<\/td>\n<\/tr>\n<\/tbody>\n<\/table>","protected":false},"featured_media":10686,"template":"","meta":[],"product_brand":[],"product_cat":[1430,154,85,99],"product_tag":[],"class_list":{"0":"post-10684","1":"product","2":"type-product","3":"status-publish","4":"has-post-thumbnail","6":"product_cat-chanel","7":"product_cat-designer","8":"product_cat-schultertaschen","9":"product_cat-taschen","11":"first","12":"outofstock","13":"sold-individually","14":"shipping-taxable","15":"purchasable","16":"product-type-simple"},"_links":{"self":[{"href":"https:\/\/baselle.com\/en\/wp-json\/wp\/v2\/product\/10684","targetHints":{"allow":["GET"]}}],"collection":[{"href":"https:\/\/baselle.com\/en\/wp-json\/wp\/v2\/product"}],"about":[{"href":"https:\/\/baselle.com\/en\/wp-json\/wp\/v2\/types\/product"}],"wp:featuredmedia":[{"embeddable":true,"href":"https:\/\/baselle.com\/en\/wp-json\/wp\/v2\/media\/10686"}],"wp:attachment":[{"href":"https:\/\/baselle.com\/en\/wp-json\/wp\/v2\/media?parent=10684"}],"wp:term":[{"taxonomy":"product_brand","embeddable":true,"href":"https:\/\/baselle.com\/en\/wp-json\/wp\/v2\/product_brand?post=10684"},{"taxonomy":"product_cat","embeddable":true,"href":"https:\/\/baselle.com\/en\/wp-json\/wp\/v2\/product_cat?post=10684"},{"taxonomy":"product_tag","embeddable":true,"href":"https:\/\/baselle.com\/en\/wp-json\/wp\/v2\/product_tag?post=10684"}],"curies":[{"name":"wp","href":"https:\/\/api.w.org\/{rel}","templated":true}]}}

<p>
<strong>CHANEL Timeless Lackleder Medium Flap Bag Handtasche Beschreibung</strong></p>
<p>Die originale CHANEL Timeless Lackleder Medium Flap Bag Handtasche ist eine elegante, klassische Tasche im typisch zeitlosen Stil von Chanel. In ihrer mittleren Größe eignet sie sich perfekt als Begleiter für untertags wie auch als Abendtasche &#8211; sie ist schlicht und dennoch ein absoluter Eyecatcher. Ein besonderes Detail ist bei diesem Modell die am Taschenboden aufgenähte &#8220;CHANEL&#8221;-Signatur.  Die klassische Handtasche ist aus Kalbslackleder gefertigt und verfügt über gewebte Kettenriemen, einem CC-Turnlock und silberne Hardware-Akzente. </p>
<p>Der CC-Turnlock-Verschluss öffnet sich zu einem bordeauxfarbenen Innenfutter, aufgeteilt in ein Hauptfach, ein Steckfach und ein Reißverschlussinnenfach. Des weiteren befindet sich am Taschenrücken ein aufgesetztes Steckfach. Die Medium Flap Bag kann kurz oder lang über der Schulter getragen werden, so dass maximaler Tragekomfort garantiert ist. Eine komfortable und elegante Handtasche, die zu Chanels Klassikern im zeitlosen Stil zählt.
</p>
<p>
<strong>Excellent condition</strong><br />
Diese CHANEL Timeless Lackleder Medium Flap Bag Handtasche aus zweiter Hand ist insgesamt in einem hervorragenden Zustand. Das Kalbslackleder ist in einem einwandfreien Zustand, auch die Ecken lassen keinerlei Gebrauchspuren erkennen. Das Tascheninnere ist sauber, ohne Gerüche und weist keine Löcher/Risse auf. Die silberfarbenen Hardware-Akzente sind ebenfalls in einem hervorragenden Zustand.
</p>
<p>
<strong>Style:</strong> Shoulder Bag<br />
<strong>Size:</strong> Medium<br />
<strong>Dimensions (approx.):</strong> Breite 25,5 cm * Höhe 15 cm * Tiefe 7 cm<br />
<strong>Shoulder chain:</strong> einfach = 87 cm, doppelt = 52 cm
</p>
<p>
<strong>Exterior material:</strong> Patent calfskin leather<br />
<strong>Interior Material</strong> fabric lining
</p>
<p>The pictures represent the offered bag. The picture rights are held by MyLovelyBoutique.com. </p>
<p>Follow us on <a href="https://www.instagram.com/mylovelyboutique.de/" rel="noopener noreferrer" target="_blank"><span style="color: #e0adea">Instagram</span></a> und lass Dich von unseren Outfit-Ideen inspirieren. </p>
