{"id":10569,"date":"2019-09-09T14:17:31","date_gmt":"2019-09-09T12:17:31","guid":{"rendered":"https:\/\/baselle.com\/?post_type=product&#038;p=10569"},"modified":"2021-03-10T17:11:18","modified_gmt":"2021-03-10T16:11:18","slug":"chanel-shearling-mountain-rucksack-schaffell-schwarz-weiss-10569","status":"publish","type":"product","link":"https:\/\/baselle.com\/en\/product\/chanel-shearling-mountain-rucksack-schaffell-schwarz-weiss-10569\/","title":{"rendered":"CHANEL Shearling Rucksack"},"content":{"rendered":"<p>\n<strong>CHANEL Classic Mountain Shearling Backpack Rucksack Beschreibung<\/strong><\/p>\n<p>Der originale CHANEL Classic Mountain Shearling Backpack Rucksack ist aus der CHANEL Paris-Salzburg Pre-Fall Collection 2015. Gefertigt ist der Rucksack aus wollwei\u00dfem Lammfell sowie schwarz gestepptem Kalbsleder. Er verf\u00fcgt \u00fcber gewebte Kettenriemen, verspielte Anh\u00e4nger sowie silberfarbene Hardware mit Ruthenium-Finish. F\u00fcr maximalen Tragekomfort k\u00f6nnen die Trageriemen in der L\u00e4nge dreifach verstellt und den Bed\u00fcrfnissen angepasst werden. Der Rucksack kann ebenso an dem oberen Teil des Kettenriemens als Handtasche getragen werden. <\/p>\n<p>Durch das CC-Turnlock \u00f6ffnet sich der CHANEL Mountain Backpack zu einem bordeauxfarbenen Innenfutter mit einem Steckfach. Auf der Vorderseite des Rucksacks befindet sich ein Rei\u00dfverschlussfach mit CC- und Edelwei\u00df-Anh\u00e4nger. Verspielte Details wie diese machen aus dem komfortablen CHANEL Shearling Rucksack einen stylischen Blickfang. Ob auf dem R\u00fccken oder als Handtasche getragen &#8211; dieses Schmuckst\u00fcck ist nicht nur praktisch, sondern auch immer ein wahrer Hingucker.\n<\/p>\n<p>\n<strong>Very good condition:<\/strong><br \/>\nDieser CHANEL Classic Mountain Backpack Rucksack aus zweiter Hand ist insgesamt in einem sehr guten Zustand. Das Lammfell ist sauber und in einem gepflegten Zustand. Auch das Kalbsleder und die silberfarbenen Hardware-Akzente sind in einem sehr guten Zustand. Das Rucksackinnere ist sauber und weist weder Flecken, Risse noch Ger\u00fcche auf.\n<\/p>\n<p>\n<strong>Style:<\/strong> Backpack<br \/>\n<strong>Size:<\/strong> Small<br \/>\n<strong>Dimensions (approx.):<\/strong> Breite 22 cm * H\u00f6he 27 cm * Tiefe 12 cm\n<\/p>\n<p>\n<strong>Exterior material:<\/strong> Shearling, Kalbsleder<br \/>\n<strong>Interior Material<\/strong> fabric lining\n<\/p>\n<p>Die Bilder stellen den angebotenen Rucksack dar und sind Eigentum von MyLovelyBoutique.com. <\/p>\n<p>Follow us on <a href=\"https:\/\/www.instagram.com\/mylovelyboutique.de\/\" rel=\"noopener noreferrer\" target=\"_blank\"><span style=\"color: #e0adea\">Instagram<\/span><\/a> und lass Dich von unseren Outfit-Ideen inspirieren. <\/p>","protected":false},"excerpt":{"rendered":"<table class=\"mlb-product-details\">\n<tbody>\n<tr>\n<td class=\"mlb-details-caption\">Model<\/td>\n<td class=\"mlb-details-value\">Classic Mountain Quilted Shearling Backpack<\/td>\n<\/tr>\n<tr>\n<td class=\"mlb-details-caption\">Colour<\/td>\n<td class=\"mlb-details-value\">Schwarz, Wollwei\u00df<\/td>\n<\/tr>\n<tr>\n<td class=\"mlb-details-caption\">Hardware<\/td>\n<td class=\"mlb-details-value\">Silver with ruthenium finish<\/td>\n<\/tr>\n<tr>\n<td class=\"mlb-details-caption\">Year<\/td>\n<td class=\"mlb-details-value\">2015<\/td>\n<\/tr>\n<tr>\n<td class=\"mlb-details-caption\">Accessoires<\/td>\n<td class=\"mlb-details-value\">Seriennummer mit Hologramm<\/td>\n<\/tr>\n<tr>\n<td class=\"mlb-details-caption\">Condition<\/td>\n<td class=\"mlb-details-value\">Very good condition<\/td>\n<\/tr>\n<\/tbody>\n<\/table>","protected":false},"featured_media":14094,"template":"","meta":[],"product_brand":[],"product_cat":[1430,154,88,99],"product_tag":[],"class_list":{"0":"post-10569","1":"product","2":"type-product","3":"status-publish","4":"has-post-thumbnail","6":"product_cat-chanel","7":"product_cat-designer","8":"product_cat-rucksaecke","9":"product_cat-taschen","11":"first","12":"outofstock","13":"sold-individually","14":"shipping-taxable","15":"purchasable","16":"product-type-simple"},"_links":{"self":[{"href":"https:\/\/baselle.com\/en\/wp-json\/wp\/v2\/product\/10569","targetHints":{"allow":["GET"]}}],"collection":[{"href":"https:\/\/baselle.com\/en\/wp-json\/wp\/v2\/product"}],"about":[{"href":"https:\/\/baselle.com\/en\/wp-json\/wp\/v2\/types\/product"}],"wp:featuredmedia":[{"embeddable":true,"href":"https:\/\/baselle.com\/en\/wp-json\/wp\/v2\/media\/14094"}],"wp:attachment":[{"href":"https:\/\/baselle.com\/en\/wp-json\/wp\/v2\/media?parent=10569"}],"wp:term":[{"taxonomy":"product_brand","embeddable":true,"href":"https:\/\/baselle.com\/en\/wp-json\/wp\/v2\/product_brand?post=10569"},{"taxonomy":"product_cat","embeddable":true,"href":"https:\/\/baselle.com\/en\/wp-json\/wp\/v2\/product_cat?post=10569"},{"taxonomy":"product_tag","embeddable":true,"href":"https:\/\/baselle.com\/en\/wp-json\/wp\/v2\/product_tag?post=10569"}],"curies":[{"name":"wp","href":"https:\/\/api.w.org\/{rel}","templated":true}]}}

<p>
<strong>CHANEL Classic Mountain Shearling Backpack Rucksack Beschreibung</strong></p>
<p>Der originale CHANEL Classic Mountain Shearling Backpack Rucksack ist aus der CHANEL Paris-Salzburg Pre-Fall Collection 2015. Gefertigt ist der Rucksack aus wollweißem Lammfell sowie schwarz gestepptem Kalbsleder. Er verfügt über gewebte Kettenriemen, verspielte Anhänger sowie silberfarbene Hardware mit Ruthenium-Finish. Für maximalen Tragekomfort können die Trageriemen in der Länge dreifach verstellt und den Bedürfnissen angepasst werden. Der Rucksack kann ebenso an dem oberen Teil des Kettenriemens als Handtasche getragen werden. </p>
<p>Durch das CC-Turnlock öffnet sich der CHANEL Mountain Backpack zu einem bordeauxfarbenen Innenfutter mit einem Steckfach. Auf der Vorderseite des Rucksacks befindet sich ein Reißverschlussfach mit CC- und Edelweiß-Anhänger. Verspielte Details wie diese machen aus dem komfortablen CHANEL Shearling Rucksack einen stylischen Blickfang. Ob auf dem Rücken oder als Handtasche getragen &#8211; dieses Schmuckstück ist nicht nur praktisch, sondern auch immer ein wahrer Hingucker.
</p>
<p>
<strong>Very good condition:</strong><br />
Dieser CHANEL Classic Mountain Backpack Rucksack aus zweiter Hand ist insgesamt in einem sehr guten Zustand. Das Lammfell ist sauber und in einem gepflegten Zustand. Auch das Kalbsleder und die silberfarbenen Hardware-Akzente sind in einem sehr guten Zustand. Das Rucksackinnere ist sauber und weist weder Flecken, Risse noch Gerüche auf.
</p>
<p>
<strong>Style:</strong> Backpack<br />
<strong>Size:</strong> Small<br />
<strong>Dimensions (approx.):</strong> Breite 22 cm * Höhe 27 cm * Tiefe 12 cm
</p>
<p>
<strong>Exterior material:</strong> Shearling, Kalbsleder<br />
<strong>Interior Material</strong> fabric lining
</p>
<p>Die Bilder stellen den angebotenen Rucksack dar und sind Eigentum von MyLovelyBoutique.com. </p>
<p>Follow us on <a href="https://www.instagram.com/mylovelyboutique.de/" rel="noopener noreferrer" target="_blank"><span style="color: #e0adea">Instagram</span></a> und lass Dich von unseren Outfit-Ideen inspirieren. </p>

<table class="mlb-product-details">
<tbody>
<tr>
<td class="mlb-details-caption">Model</td>
<td class="mlb-details-value">Classic Mountain Quilted Shearling Backpack</td>
</tr>
<tr>
<td class="mlb-details-caption">Colour</td>
<td class="mlb-details-value">Schwarz, Wollweiß</td>
</tr>
<tr>
<td class="mlb-details-caption">Hardware</td>
<td class="mlb-details-value">Silver with ruthenium finish</td>
</tr>
<tr>
<td class="mlb-details-caption">Year</td>
<td class="mlb-details-value">2015</td>
</tr>
<tr>
<td class="mlb-details-caption">Accessoires</td>
<td class="mlb-details-value">Seriennummer mit Hologramm</td>
</tr>
<tr>
<td class="mlb-details-caption">Condition</td>
<td class="mlb-details-value">Very good condition</td>
</tr>
</tbody>
</table>
